{"id":33,"date":"2018-11-07T17:36:08","date_gmt":"2018-11-07T17:36:08","guid":{"rendered":"https:\/\/estudiosdeldesarrollo.mx\/observatoriodeldesarrollo\/?page_id=33"},"modified":"2022-03-28T17:53:42","modified_gmt":"2022-03-28T17:53:42","slug":"indices","status":"publish","type":"page","link":"https:\/\/estudiosdeldesarrollo.mx\/observatoriodeldesarrollo\/indices\/","title":{"rendered":"\u00cdndices"},"content":{"rendered":"<p>Forma parte del \u00cdndice de Revistas Mexicanas de Investigaci\u00f3n Cient\u00edfica y Tecnol\u00f3gica del Consejo Nacional de Ciencia y Tecnolog\u00eda (Conacyt) y est\u00e1 indexada en la Red de Revistas Cient\u00edficas de Am\u00e9rica Latina y el Caribe, Espa\u00f1a y Portugal (Redalyc), el Sistema Regional de Informaci\u00f3n en L\u00ednea para Revistas Cient\u00edficas de Am\u00e9rica Latina, el Caribe, Espa\u00f1a y Portugal (Latindex), Citas Latinoamericanas en Ciencias Sociales y Humanidades (Clase) y Scientific Electronic Library Online (Scielo-M\u00e9xico).<\/p>\n","protected":false},"excerpt":{"rendered":"<p>Forma parte del \u00cdndice de Revistas Mexicanas de Investigaci\u00f3n Cient\u00edfica y Tecnol\u00f3gica del Consejo Nacional de Ciencia y Tecnolog\u00eda (Conacyt) y est\u00e1 indexada en la Red de Revistas Cient\u00edficas de Am\u00e9rica Latina y el Caribe, Espa\u00f1a y Portugal (Redalyc), el<\/p>\n","protected":false},"author":2,"featured_media":0,"parent":0,"menu_order":0,"comment_status":"closed","ping_status":"closed","template":"","meta":{"footnotes":""},"class_list":["post-33","page","type-page","status-publish","hentry"],"_links":{"self":[{"href":"https:\/\/estudiosdeldesarrollo.mx\/observatoriodeldesarrollo\/wp-json\/wp\/v2\/pages\/33","targetHints":{"allow":["GET"]}}],"collection":[{"href":"https:\/\/estudiosdeldesarrollo.mx\/observatoriodeldesarrollo\/wp-json\/wp\/v2\/pages"}],"about":[{"href":"https:\/\/estudiosdeldesarrollo.mx\/observatoriodeldesarrollo\/wp-json\/wp\/v2\/types\/page"}],"author":[{"embeddable":true,"href":"https:\/\/estudiosdeldesarrollo.mx\/observatoriodeldesarrollo\/wp-json\/wp\/v2\/users\/2"}],"replies":[{"embeddable":true,"href":"https:\/\/estudiosdeldesarrollo.mx\/observatoriodeldesarrollo\/wp-json\/wp\/v2\/comments?post=33"}],"version-history":[{"count":3,"href":"https:\/\/estudiosdeldesarrollo.mx\/observatoriodeldesarrollo\/wp-json\/wp\/v2\/pages\/33\/revisions"}],"predecessor-version":[{"id":260,"href":"https:\/\/estudiosdeldesarrollo.mx\/observatoriodeldesarrollo\/wp-json\/wp\/v2\/pages\/33\/revisions\/260"}],"wp:attachment":[{"href":"https:\/\/estudiosdeldesarrollo.mx\/observatoriodeldesarrollo\/wp-json\/wp\/v2\/media?parent=33"}],"curies":[{"name":"wp","href":"https:\/\/api.w.org\/{rel}","templated":true}]}}

Índices

<p>Forma parte del Índice de Revistas Mexicanas de Investigación Científica y Tecnológica del Consejo Nacional de Ciencia y Tecnología (Conacyt) y está indexada en la Red de Revistas Científicas de América Latina y el Caribe, España y Portugal (Redalyc), el Sistema Regional de Información en Línea para Revistas Científicas de América Latina, el Caribe, España y Portugal (Latindex), Citas Latinoamericanas en Ciencias Sociales y Humanidades (Clase) y Scientific Electronic Library Online (Scielo-México).</p>

<p>Forma parte del Índice de Revistas Mexicanas de Investigación Científica y Tecnológica del Consejo Nacional de Ciencia y Tecnología (Conacyt) y está indexada en la Red de Revistas Científicas de América Latina y el Caribe, España y Portugal (Redalyc), el</p>
