{"id":2005,"date":"2025-10-07T21:10:19","date_gmt":"2025-10-07T21:10:19","guid":{"rendered":"https:\/\/estudiosdeldesarrollo.mx\/observatoriodeldesarrollo\/?page_id=2005"},"modified":"2026-03-04T21:51:25","modified_gmt":"2026-03-04T21:51:25","slug":"numero-40","status":"publish","type":"page","link":"https:\/\/estudiosdeldesarrollo.mx\/observatoriodeldesarrollo\/numero-40\/","title":{"rendered":"Numero 40"},"content":{"rendered":"<div id=\"contenedor30\">\n<div style=\"float: left;\">\n<div>\n<p><img loading=\"lazy\" decoding=\"async\" class=\"alignnone  wp-image-1011\" src=\"https:\/\/estudiosdeldesarrollo.mx\/observatoriodeldesarrollo\/wp-content\/uploads\/2025\/10\/OD40portada.jpg\" alt=\"\" width=\"450\" height=\"583\" \/><br \/>\n<a style=\"color: #999999;\" href=\"https:\/\/doi.org\/10.35533\/od.numero40\" target=\"_blank\" rel=\"noopener noreferrer\">https:\/\/doi.org\/10.35533\/od.numero40<\/a><\/p>\n<\/div>\n<\/div>\n<div style=\"float: left; background-color: #f2f2f2; padding: 10px; width: 100%;\">\n<h4 style=\"color: #61483d;\"><span style=\"color: #edba3d;\"><b>Editorial<\/b><\/span><\/h4>\n<p><span style=\"color: #999999;\"><span style=\"font-size: 19px;\">Expediente de Zacatecas: imagen caleidosc\u00f3pica del desarrollo del subdesarrollo<\/span><\/span><\/p>\n<h4 style=\"color: #61483d;\"><span style=\"color: #edba3d;\"><b>Temas cr\u00edticos<\/b><\/span><\/h4>\n<p><a href=\"https:\/\/estudiosdeldesarrollo.mx\/observatoriodeldesarrollo\/wp-content\/uploads\/2026\/03\/OD40-gonzalez.pdf\" target=\"_blank\" rel=\"noopener\"><big><span style=\"color: #000000; font-size: 19px;\">Trabajo no remunerado como mecanismo de supervivencia y de acumulaci\u00f3n de capital. Din\u00e1mica espacial en la ciudad de Zacatecas-Guadalupe, M\u00e9xico 1988-2018<\/span><\/big><\/a><br \/>\n<span style=\"color: #808080;\"><b>Guadalupe Margarita Gonz\u00e1lez Hern\u00e1ndez<\/b><\/span><br \/>\n<a style=\"color: #999999;\" href=\"https:\/\/doi.org\/10.35533\/od.1440.gmgh\" target=\"_blank\" rel=\"noopener noreferrer\">https:\/\/doi.org\/10.35533\/od.1440.gmgh<\/a><br \/>\n<big><\/big><\/p>\n<p><a href=\"https:\/\/estudiosdeldesarrollo.mx\/observatoriodeldesarrollo\/wp-content\/uploads\/2026\/02\/OD40-tetreault.pdf\" target=\"_blank\" rel=\"noopener\"><span style=\"color: #000000;\"><span style=\"font-size: 19px;\">Vetagrande y otras venas abiertas de Zacatecas<\/span><\/span><\/a><br \/>\n<span style=\"color: #808080;\"><strong>Darcy Tetreault<\/strong><\/span><br \/>\n<a style=\"color: #999999;\" href=\"https:\/\/doi.org\/10.35533\/od.1440.dt\" target=\"_blank\" rel=\"noopener noreferrer\">https:\/\/doi.org\/10.35533\/od.1440.dt<\/a><br \/>\n<big><\/big><\/p>\n<p><a href=\"https:\/\/estudiosdeldesarrollo.mx\/observatoriodeldesarrollo\/wp-content\/uploads\/2026\/02\/OD40-ruiz.pdf\" target=\"_blank\" rel=\"noopener\"><big><span style=\"color: #000000; font-size: 19px;\">Econom\u00eda circular \u00abdesde abajo\u00bb: manejo de residuos s\u00f3lidos urbanos en El Orito, Zacatecas<\/span><\/big><\/a><br \/>\n<span style=\"color: #808080;\"><b>Ren\u00e9 Ruiz Aguilar<\/b><\/span><br \/>\n<a style=\"color: #999999;\" href=\"https:\/\/doi.org\/10.35533\/od.1440.rra\" target=\"_blank\" rel=\"noopener noreferrer\">https:\/\/doi.org\/10.35533\/od.1440.rra<\/a><\/p>\n<p><a href=\"https:\/\/estudiosdeldesarrollo.mx\/observatoriodeldesarrollo\/wp-content\/uploads\/2026\/02\/OD40-lopez.pdf\" target=\"_blank\" rel=\"noopener\"><big><span style=\"color: #000000; font-size: 19px;\">An\u00e1lisis estructural de la inflaci\u00f3n, aproximaciones al caso de Zacatecas (2000-2024)<\/span><\/big><\/a><br \/>\n<span style=\"color: #808080;\"><b>Adriana L\u00f3pez Escobedo<\/b><\/span><br \/>\n<a style=\"color: #999999;\" href=\"https:\/\/doi.org\/10.35533\/od.1440.ale\" target=\"_blank\" rel=\"noopener noreferrer\">https:\/\/doi.org\/10.35533\/od.1440.ale<\/a><\/p>\n<p><a href=\"https:\/\/estudiosdeldesarrollo.mx\/observatoriodeldesarrollo\/wp-content\/uploads\/2026\/02\/OD40-zamora.pdf\" target=\"_blank\" rel=\"noopener\"><span style=\"color: #000000; font-size: 19px;\">La precariedad laboral de los guardias de seguridad privada en Zacatecas<\/span><\/a><br \/>\n<span style=\"color: #808080;\"><b>Miguel Agust\u00edn Zamora G\u00e1mez | Jos\u00e9 Luis Hern\u00e1ndez Su\u00e1rez<\/b><\/span><br \/>\n<a style=\"color: #999999;\" href=\"https:\/\/doi.org\/10.35533\/od.1440.mazg.jlhs\" target=\"_blank\" rel=\"noopener noreferrer\">https:\/\/doi.org\/10.35533\/od.1440.mazg.jlhs<\/a><\/p>\n<h4 style=\"color: #61483d;\"><span style=\"color: #edba3d;\"><b>Debate<\/b><\/span><\/h4>\n<p><big><span style=\"color: #000000; font-size: 19px;\">Desarrollo del capitalismo en Zacatecas: claves de interpretaci\u00f3n sobre un eslab\u00f3n d\u00e9bil de las cadenas de valor global<\/span><\/big><br \/>\n<span style=\"color: #808080;\"><b>Humberto M\u00e1rquez Covarrubias<\/b><\/span><\/p>\n<h4 style=\"color: #61483d;\"><span style=\"color: #edba3d;\"><b>Circunvalaciones<\/b><\/span><\/h4>\n<p><a href=\"https:\/\/estudiosdeldesarrollo.mx\/observatoriodeldesarrollo\/wp-content\/uploads\/2026\/02\/OD40-leon.pdf\" target=\"_blank\" rel=\"noopener\"><big><span style=\"color: #000000; font-size: 19px;\">La dimensi\u00f3n espacial de la violencia, criminalidad e inseguridad en Zacatecas<\/span><\/big><\/a><br \/>\n<span style=\"color: #808080;\"><b>Manuel Ignacio de Le\u00f3n D\u00e1vila<\/b><\/span><br \/>\n<a style=\"color: #999999;\" href=\"https:\/\/doi.org\/10.35533\/od.1440.mida\" target=\"_blank\" rel=\"noopener noreferrer\">https:\/\/doi.org\/10.35533\/od.1440.mida<\/a><\/p>\n<div style=\"background-color: #edba3d; padding: 10px; width: 100%;\"><\/div>\n<div style=\"background-color: #edba3d; padding: 10px; width: 100%;\"><span style=\"color: #ffffff;\"><strong><em>Observatorio del Desarrollo. Investigaci\u00f3n, reflexi\u00f3n y an\u00e1lisis<\/em>, volumen 14, n\u00famero 40, enero-abril 2025<\/strong>, es una publicaci\u00f3n cuatrimestral editada por la Universidad Aut\u00f3noma de Zacatecas \u00abFrancisco Garc\u00eda Salinas\u00bb, a trav\u00e9s de la Unidad Acad\u00e9mica en Estudios del Desarrollo, Jard\u00edn Ju\u00e1rez 147, colonia Centro, Zacatecas, C.P. 98000, Tel. (01492) 922 91 09, www.uaz.edu.mx, www.estudiosdeldesarrollo.mx, revistaod@uaz.edu.mx. <em>Editor responsable<\/em>: Humberto M\u00e1rquez Covarrubias. Reserva de Derechos al Uso Exclusivo V\u00eda Red C\u00f3mputo No. 04-2015-060212180900-203. ISSN: 2594-0902, ambos otorgados por el Instituto Nacional del Derecho de Autor. <em>Responsable de \u00faltima actualizaci\u00f3n:<\/em> Israel David Pi\u00f1a Garc\u00eda, Unidad Acad\u00e9mica en Estudios del Desarrollo, Campus Universitario II, avenida Preparatoria s\/n, fraccionamiento Progreso, Zacatecas, C.P. 98065. <em>Fecha de la \u00faltima modificaci\u00f3n,<\/em> junio de 2025.<\/span><\/div>\n<div style=\"background-color: #025ec5; padding: 10px; width: 100%;\"><span style=\"color: #ffffff;\">Las opiniones expresadas por los autores no necesariamente reflejan la postura del editor de la publicaci\u00f3n. Queda estrictamente prohibida la reproducci\u00f3n total o parcial de los contenidos e im\u00e1genes de la publicaci\u00f3n sin previa autorizaci\u00f3n de la Universidad Aut\u00f3noma de Zacatecas \u00abFrancisco Garc\u00eda Salinas\u00bb a trav\u00e9s de la Unidad Acad\u00e9mica en Estudios del Desarrollo.<\/span><br \/>\n<span style=\"color: #ffffff;\"><a style=\"color: #ffffff;\" href=\"https:\/\/doi.org\/10.35533\/od.numero40\" target=\"_blank\" rel=\"noopener noreferrer\">https:\/\/doi.org\/10.35533\/od.numero40<\/a><\/span><\/div>\n<\/div>\n<\/div>\n","protected":false},"excerpt":{"rendered":"<p>https:\/\/doi.org\/10.35533\/od.numero40 Editorial Expediente de Zacatecas: imagen caleidosc\u00f3pica del desarrollo del subdesarrollo Temas cr\u00edticos Trabajo no remunerado como mecanismo de supervivencia y de acumulaci\u00f3n de capital. Din\u00e1mica espacial en la ciudad de Zacatecas-Guadalupe, M\u00e9xico 1988-2018 Guadalupe Margarita Gonz\u00e1lez Hern\u00e1ndez https:\/\/doi.org\/10.35533\/od.1440.gmgh Vetagrande<\/p>\n","protected":false},"author":2,"featured_media":0,"parent":0,"menu_order":0,"comment_status":"closed","ping_status":"closed","template":"","meta":{"footnotes":""},"class_list":["post-2005","page","type-page","status-publish","hentry"],"_links":{"self":[{"href":"https:\/\/estudiosdeldesarrollo.mx\/observatoriodeldesarrollo\/wp-json\/wp\/v2\/pages\/2005","targetHints":{"allow":["GET"]}}],"collection":[{"href":"https:\/\/estudiosdeldesarrollo.mx\/observatoriodeldesarrollo\/wp-json\/wp\/v2\/pages"}],"about":[{"href":"https:\/\/estudiosdeldesarrollo.mx\/observatoriodeldesarrollo\/wp-json\/wp\/v2\/types\/page"}],"author":[{"embeddable":true,"href":"https:\/\/estudiosdeldesarrollo.mx\/observatoriodeldesarrollo\/wp-json\/wp\/v2\/users\/2"}],"replies":[{"embeddable":true,"href":"https:\/\/estudiosdeldesarrollo.mx\/observatoriodeldesarrollo\/wp-json\/wp\/v2\/comments?post=2005"}],"version-history":[{"count":5,"href":"https:\/\/estudiosdeldesarrollo.mx\/observatoriodeldesarrollo\/wp-json\/wp\/v2\/pages\/2005\/revisions"}],"predecessor-version":[{"id":2062,"href":"https:\/\/estudiosdeldesarrollo.mx\/observatoriodeldesarrollo\/wp-json\/wp\/v2\/pages\/2005\/revisions\/2062"}],"wp:attachment":[{"href":"https:\/\/estudiosdeldesarrollo.mx\/observatoriodeldesarrollo\/wp-json\/wp\/v2\/media?parent=2005"}],"curies":[{"name":"wp","href":"https:\/\/api.w.org\/{rel}","templated":true}]}}