{"id":1284,"date":"2019-05-23T18:42:13","date_gmt":"2019-05-23T18:42:13","guid":{"rendered":"https:\/\/estudiosdeldesarrollo.mx\/observatoriodeldesarrollo\/?page_id=1284"},"modified":"2021-05-04T17:46:45","modified_gmt":"2021-05-04T17:46:45","slug":"numero-2","status":"publish","type":"page","link":"https:\/\/estudiosdeldesarrollo.mx\/observatoriodeldesarrollo\/numero-2\/","title":{"rendered":"N\u00famero 2"},"content":{"rendered":"<div id=\"contenedor30\">\n<div style=\"float: left;\">\n<div>\n<p><img loading=\"lazy\" decoding=\"async\" class=\"alignnone size-full wp-image-1011\" src=\"https:\/\/estudiosdeldesarrollo.mx\/observatoriodeldesarrollo\/wp-content\/uploads\/2019\/05\/OD-2.jpg\" alt=\"\" width=\"387\" height=\"500\" \/><\/p>\n<p><span style=\"color: #c37b1f;\"><strong><em>Observatorio del Desarrollo. Investigaci\u00f3n, reflexi\u00f3n y an\u00e1lisis<\/em>, volumen 1, n\u00famero 2, abril-junio de 2012<\/strong><\/span>, es una publicaci\u00f3n cuatrimestral editada por la Universidad Aut\u00f3noma de Zacatecas \u00abFrancisco Garc\u00eda Salinas\u00bb, a trav\u00e9s de la Unidad Acad\u00e9mica en Estudios del Desarrollo, Jard\u00edn Ju\u00e1rez 147, colonia Centro, Zacatecas, C.P. 98000, Tel. (01492) 922 91 09, www.uaz.edu.mx, www.estudiosdeldesarrollo.mx, revistaod@uaz.edu.mx. <em>Editor responsable<\/em>: Humberto M\u00e1rquez Covarrubias. Reserva de Derechos al Uso Exclusivo V\u00eda Red C\u00f3mputo No. 04-2015-060212180900-203. ISSN: 2594-0902, ambos otorgados por el Instituto Nacional del Derecho de Autor. <em>Responsable de \u00faltima actualizaci\u00f3n:<\/em> Israel David Pi\u00f1a Garc\u00eda, Unidad Acad\u00e9mica en Estudios del Desarrollo, Campus Universitario II, avenida Preparatoria s\/n, fraccionamiento Progreso, Zacatecas, C.P. 98065. <em>Fecha de la \u00faltima modificaci\u00f3n,<\/em> junio de 2012.<\/p>\n<p>Las opiniones expresadas por los autores no necesariamente reflejan la postura del editor de la publicaci\u00f3n. Queda estrictamente prohibida la reproducci\u00f3n total o parcial de los contenidos e im\u00e1genes de la publicaci\u00f3n sin previa autorizaci\u00f3n de la Universidad Aut\u00f3noma de Zacatecas \u00abFrancisco Garc\u00eda Salinas\u00bb a trav\u00e9s de la Unidad Acad\u00e9mica en Estudios del Desarrollo.<br \/>\n<a style=\"color: #999999;\" href=\"https:\/\/doi.org\/10.35533\/od.numero2\" target=\"_blank\" rel=\"noopener noreferrer\">https:\/\/doi.org\/10.35533\/od.numero2<\/a><\/p>\n<\/div>\n<\/div>\n<div style=\"float: left; background-color: #f2f2f2; padding: 10px; width: 100%;\"><a href=\"https:\/\/estudiosdeldesarrollo.mx\/observatoriodeldesarrollo\/wp-content\/uploads\/2019\/05\/OD2-1.pdf\" target=\"_blank\" rel=\"noopener noreferrer\"><br \/>\n<\/a><\/p>\n<h4 style=\"color: #c37b1f;\"><b>Editorial<\/b><\/h4>\n<h4 style=\"color: #c37b1f;\"><b>Debate<\/b><\/h4>\n<p><a href=\"https:\/\/estudiosdeldesarrollo.mx\/observatoriodeldesarrollo\/wp-content\/uploads\/2019\/05\/OD2-2.pdf\" target=\"_blank\" rel=\"noopener noreferrer\"><big><span style=\"color: #000000;\">\u00bfQui\u00e9n subsidia a qui\u00e9n? Contribuci\u00f3n de los migrantes mexicanos a la econom\u00eda de Estados Unidos<\/span><\/big><\/a><br \/>\n<span style=\"color: #808080;\"><b>Ra\u00fal Delgado Wise | Selene Gaspar Olvera<\/b><\/span><br \/>\n<a style=\"color: #999999;\" href=\"https:\/\/doi.org\/10.35533\/od.0102.rdw.sgo\" target=\"_blank\" rel=\"noopener noreferrer\">https:\/\/doi.org\/10.35533\/od.0102.rdw.sgo<\/a><br \/>\n<big><\/big><\/p>\n<p><a href=\"https:\/\/estudiosdeldesarrollo.mx\/observatoriodeldesarrollo\/wp-content\/uploads\/2019\/05\/OD2-3.pdf\" target=\"_blank\" rel=\"noopener noreferrer\"><big><span style=\"color: #000000;\">La hora del desastre. Descomposici\u00f3n social e indignaci\u00f3n en M\u00e9xico<\/span><\/big><\/a><br \/>\n<span style=\"color: #808080;\"><strong>Humberto M\u00e1rquez Covarrubias<\/strong><\/span><br \/>\n<a style=\"color: #999999;\" href=\"https:\/\/doi.org\/10.35533\/od.0102.hmc\" target=\"_blank\" rel=\"noopener noreferrer\">https:\/\/doi.org\/10.35533\/od.0102.hmc<\/a><br \/>\n<big><\/big><\/p>\n<p><a href=\"https:\/\/estudiosdeldesarrollo.mx\/observatoriodeldesarrollo\/wp-content\/uploads\/2019\/05\/OD2-4.pdf\" target=\"_blank\" rel=\"noopener noreferrer\"><big><span style=\"color: #000000;\">Am\u00e9rica Latina. Decisiones nacionales y subversi\u00f3n del orden vigente<\/span><\/big><\/a><br \/>\n<span style=\"color: #808080;\"><strong>Oscar Ma\u00f1\u00e1n<\/strong><\/span><br \/>\n<a style=\"color: #999999;\" href=\"https:\/\/doi.org\/10.35533\/od.0102.om\" target=\"_blank\" rel=\"noopener noreferrer\">https:\/\/doi.org\/10.35533\/od.0102.om<\/a><br \/>\n<big><\/big><\/p>\n<h4 style=\"color: #c37b1f;\"><b>Temas cr\u00edticos<\/b><\/h4>\n<p><a href=\"https:\/\/estudiosdeldesarrollo.mx\/observatoriodeldesarrollo\/wp-content\/uploads\/2019\/05\/OD2-5.pdf\" target=\"_blank\" rel=\"noopener noreferrer\"><big><span style=\"color: #000000;\">Conflicto socioambiental en la miner\u00eda a cielo abierto en Manantl\u00e1n<\/span><\/big><\/a><br \/>\n<span style=\"color: #808080;\"><strong>Darcy Tetreault<\/strong><\/span><br \/>\n<a style=\"color: #999999;\" href=\"https:\/\/doi.org\/10.35533\/od.0102.dt\" target=\"_blank\" rel=\"noopener noreferrer\">https:\/\/doi.org\/10.35533\/od.0102.dt<\/a><br \/>\n<big><\/big><\/p>\n<p><a href=\"https:\/\/estudiosdeldesarrollo.mx\/observatoriodeldesarrollo\/wp-content\/uploads\/2019\/05\/OD2-6.pdf\" target=\"_blank\" rel=\"noopener noreferrer\"><big><span style=\"color: #000000;\">Una guerra fallida. Combatir la pobreza sin acometer las causas<\/span><\/big><\/a><br \/>\n<span style=\"color: #808080;\"><strong>Henry Veltmeyer<\/strong><\/span><br \/>\n<a style=\"color: #999999;\" href=\"https:\/\/doi.org\/10.35533\/od.0102.hv\" target=\"_blank\" rel=\"noopener noreferrer\">https:\/\/doi.org\/10.35533\/od.0102.hv<\/a><br \/>\n<big><\/big><\/p>\n<p><a href=\"https:\/\/estudiosdeldesarrollo.mx\/observatoriodeldesarrollo\/wp-content\/uploads\/2019\/05\/OD2-7.pdf\" target=\"_blank\" rel=\"noopener noreferrer\"><big><span style=\"color: #000000;\">M\u00e1s all\u00e1 del turismo. Reestructuraci\u00f3n productiva y ciencias sociales<\/span><\/big><\/a><br \/>\n<span style=\"color: #808080;\"><strong>Guadalupe Margarita Gonz\u00e1lez Hern\u00e1ndez<\/strong><\/span><br \/>\n<a style=\"color: #999999;\" href=\"https:\/\/doi.org\/10.35533\/od.0102.gmgh\" target=\"_blank\" rel=\"noopener noreferrer\">https:\/\/doi.org\/10.35533\/od.0102.gmgh<\/a><br \/>\n<big><\/big><\/p>\n<p><a href=\"https:\/\/estudiosdeldesarrollo.mx\/observatoriodeldesarrollo\/wp-content\/uploads\/2019\/05\/OD2-8.pdf\" target=\"_blank\" rel=\"noopener noreferrer\"><big><span style=\"color: #000000;\">Crisis del medio ambiente y desarrollo. Una perspectiva de clase<\/span><\/big><\/a><br \/>\n<span style=\"color: #808080;\"><strong>Eliane Tomiasi Paulino<\/strong><\/span><br \/>\n<a style=\"color: #999999;\" href=\"https:\/\/doi.org\/10.35533\/od.0102.etp\" target=\"_blank\" rel=\"noopener noreferrer\">https:\/\/doi.org\/10.35533\/od.0102.etp<\/a><\/p>\n<h4 style=\"color: #c37b1f;\"><b>Mirada a fondo<\/b><\/h4>\n<p><a href=\"https:\/\/estudiosdeldesarrollo.mx\/observatoriodeldesarrollo\/wp-content\/uploads\/2019\/05\/OD2-9.pdf\" target=\"_blank\" rel=\"noopener noreferrer\"><big><span style=\"color: #000000;\">Des-domesticando a Celso Furtado<\/span><\/big><\/a><br \/>\n<span style=\"color: #808080;\"><strong>Carlos Mallorqu\u00edn<br \/>\n<\/strong><\/span><a style=\"color: #999999;\" href=\"https:\/\/doi.org\/10.35533\/od.0102.cm\" target=\"_blank\" rel=\"noopener noreferrer\">https:\/\/doi.org\/10.35533\/od.0102.cm<\/a><\/p>\n<h4 style=\"color: #c37b1f;\"><b>Foro acad\u00e9mico<\/b><\/h4>\n<p><a href=\"https:\/\/estudiosdeldesarrollo.mx\/observatoriodeldesarrollo\/wp-content\/uploads\/2019\/05\/OD2-10.pdf\" target=\"_blank\" rel=\"noopener noreferrer\"><big><span style=\"color: #000000;\">Migrantes, remesas y desarrollo. Una perspectiva desde \u00c1frica occidental<\/span><\/big><\/a><br \/>\n<span style=\"color: #808080;\"><strong>Rodolfo Garc\u00eda Zamora<br \/>\n<\/strong><\/span><a style=\"color: #999999;\" href=\"https:\/\/doi.org\/10.35533\/od.0102.rgz\" target=\"_blank\" rel=\"noopener noreferrer\">https:\/\/doi.org\/10.35533\/od.0102.rgz<\/a><\/p>\n<h4 style=\"color: #c37b1f;\"><b>Rese\u00f1a<\/b><\/h4>\n<p><a href=\"https:\/\/estudiosdeldesarrollo.mx\/observatoriodeldesarrollo\/wp-content\/uploads\/2019\/06\/OD2-11.pdf\" target=\"_blank\" rel=\"noopener noreferrer\"><big><span style=\"color: #000000;\">Nanotecnolog\u00eda en Am\u00e9rica Latina<\/span><\/big><\/a><br \/>\n<span style=\"color: #808080;\"><strong>Edgar Ram\u00f3n Arteaga Figueroa<br \/>\n<\/strong><\/span><a style=\"color: #999999;\" href=\"https:\/\/doi.org\/10.35533\/od.0102.eraf\" target=\"_blank\" rel=\"noopener noreferrer\">https:\/\/doi.org\/10.35533\/od.0102.eraf<\/a><\/p>\n<\/div>\n<\/div>\n","protected":false},"excerpt":{"rendered":"<p>Observatorio del Desarrollo. Investigaci\u00f3n, reflexi\u00f3n y an\u00e1lisis, volumen 1, n\u00famero 2, abril-junio de 2012, es una publicaci\u00f3n cuatrimestral editada por la Universidad Aut\u00f3noma de Zacatecas \u00abFrancisco Garc\u00eda Salinas\u00bb, a trav\u00e9s de la Unidad Acad\u00e9mica en Estudios del Desarrollo, Jard\u00edn Ju\u00e1rez<\/p>\n","protected":false},"author":2,"featured_media":0,"parent":0,"menu_order":0,"comment_status":"closed","ping_status":"closed","template":"","meta":{"footnotes":""},"class_list":["post-1284","page","type-page","status-publish","hentry"],"_links":{"self":[{"href":"https:\/\/estudiosdeldesarrollo.mx\/observatoriodeldesarrollo\/wp-json\/wp\/v2\/pages\/1284","targetHints":{"allow":["GET"]}}],"collection":[{"href":"https:\/\/estudiosdeldesarrollo.mx\/observatoriodeldesarrollo\/wp-json\/wp\/v2\/pages"}],"about":[{"href":"https:\/\/estudiosdeldesarrollo.mx\/observatoriodeldesarrollo\/wp-json\/wp\/v2\/types\/page"}],"author":[{"embeddable":true,"href":"https:\/\/estudiosdeldesarrollo.mx\/observatoriodeldesarrollo\/wp-json\/wp\/v2\/users\/2"}],"replies":[{"embeddable":true,"href":"https:\/\/estudiosdeldesarrollo.mx\/observatoriodeldesarrollo\/wp-json\/wp\/v2\/comments?post=1284"}],"version-history":[{"count":4,"href":"https:\/\/estudiosdeldesarrollo.mx\/observatoriodeldesarrollo\/wp-json\/wp\/v2\/pages\/1284\/revisions"}],"predecessor-version":[{"id":1525,"href":"https:\/\/estudiosdeldesarrollo.mx\/observatoriodeldesarrollo\/wp-json\/wp\/v2\/pages\/1284\/revisions\/1525"}],"wp:attachment":[{"href":"https:\/\/estudiosdeldesarrollo.mx\/observatoriodeldesarrollo\/wp-json\/wp\/v2\/media?parent=1284"}],"curies":[{"name":"wp","href":"https:\/\/api.w.org\/{rel}","templated":true}]}}

Número 2

<div id="contenedor30">
<div style="float: left;">
<div>
<p><img loading="lazy" decoding="async" class="alignnone size-full wp-image-1011" src="https://estudiosdeldesarrollo.mx/observatoriodeldesarrollo/wp-content/uploads/2019/05/OD-2.jpg" alt="" width="387" height="500" /></p>
<p><span style="color: #c37b1f;"><strong><em>Observatorio del Desarrollo. Investigación, reflexión y análisis</em>, volumen 1, número 2, abril-junio de 2012</strong></span>, es una publicación cuatrimestral editada por la Universidad Autónoma de Zacatecas «Francisco García Salinas», a través de la Unidad Académica en Estudios del Desarrollo, Jardín Juárez 147, colonia Centro, Zacatecas, C.P. 98000, Tel. (01492) 922 91 09, www.uaz.edu.mx, www.estudiosdeldesarrollo.mx, revistaod@uaz.edu.mx. <em>Editor responsable</em>: Humberto Márquez Covarrubias. Reserva de Derechos al Uso Exclusivo Vía Red Cómputo No. 04-2015-060212180900-203. ISSN: 2594-0902, ambos otorgados por el Instituto Nacional del Derecho de Autor. <em>Responsable de última actualización:</em> Israel David Piña García, Unidad Académica en Estudios del Desarrollo, Campus Universitario II, avenida Preparatoria s/n, fraccionamiento Progreso, Zacatecas, C.P. 98065. <em>Fecha de la última modificación,</em> junio de 2012.</p>
<p>Las opiniones expresadas por los autores no necesariamente reflejan la postura del editor de la publicación. Queda estrictamente prohibida la reproducción total o parcial de los contenidos e imágenes de la publicación sin previa autorización de la Universidad Autónoma de Zacatecas «Francisco García Salinas» a través de la Unidad Académica en Estudios del Desarrollo.<br />
<a style="color: #999999;" href="https://doi.org/10.35533/od.numero2" target="_blank" rel="noopener noreferrer">https://doi.org/10.35533/od.numero2</a></p>
</div>
</div>
<div style="float: left; background-color: #f2f2f2; padding: 10px; width: 100%;"><a href="https://estudiosdeldesarrollo.mx/observatoriodeldesarrollo/wp-content/uploads/2019/05/OD2-1.pdf" target="_blank" rel="noopener noreferrer"><br />
</a></p>
<h4 style="color: #c37b1f;"><b>Editorial</b></h4>
<h4 style="color: #c37b1f;"><b>Debate</b></h4>
<p><a href="https://estudiosdeldesarrollo.mx/observatoriodeldesarrollo/wp-content/uploads/2019/05/OD2-2.pdf" target="_blank" rel="noopener noreferrer"><big><span style="color: #000000;">¿Quién subsidia a quién? Contribución de los migrantes mexicanos a la economía de Estados Unidos</span></big></a><br />
<span style="color: #808080;"><b>Raúl Delgado Wise | Selene Gaspar Olvera</b></span><br />
<a style="color: #999999;" href="https://doi.org/10.35533/od.0102.rdw.sgo" target="_blank" rel="noopener noreferrer">https://doi.org/10.35533/od.0102.rdw.sgo</a><br />
<big></big></p>
<p><a href="https://estudiosdeldesarrollo.mx/observatoriodeldesarrollo/wp-content/uploads/2019/05/OD2-3.pdf" target="_blank" rel="noopener noreferrer"><big><span style="color: #000000;">La hora del desastre. Descomposición social e indignación en México</span></big></a><br />
<span style="color: #808080;"><strong>Humberto Márquez Covarrubias</strong></span><br />
<a style="color: #999999;" href="https://doi.org/10.35533/od.0102.hmc" target="_blank" rel="noopener noreferrer">https://doi.org/10.35533/od.0102.hmc</a><br />
<big></big></p>
<p><a href="https://estudiosdeldesarrollo.mx/observatoriodeldesarrollo/wp-content/uploads/2019/05/OD2-4.pdf" target="_blank" rel="noopener noreferrer"><big><span style="color: #000000;">América Latina. Decisiones nacionales y subversión del orden vigente</span></big></a><br />
<span style="color: #808080;"><strong>Oscar Mañán</strong></span><br />
<a style="color: #999999;" href="https://doi.org/10.35533/od.0102.om" target="_blank" rel="noopener noreferrer">https://doi.org/10.35533/od.0102.om</a><br />
<big></big></p>
<h4 style="color: #c37b1f;"><b>Temas críticos</b></h4>
<p><a href="https://estudiosdeldesarrollo.mx/observatoriodeldesarrollo/wp-content/uploads/2019/05/OD2-5.pdf" target="_blank" rel="noopener noreferrer"><big><span style="color: #000000;">Conflicto socioambiental en la minería a cielo abierto en Manantlán</span></big></a><br />
<span style="color: #808080;"><strong>Darcy Tetreault</strong></span><br />
<a style="color: #999999;" href="https://doi.org/10.35533/od.0102.dt" target="_blank" rel="noopener noreferrer">https://doi.org/10.35533/od.0102.dt</a><br />
<big></big></p>
<p><a href="https://estudiosdeldesarrollo.mx/observatoriodeldesarrollo/wp-content/uploads/2019/05/OD2-6.pdf" target="_blank" rel="noopener noreferrer"><big><span style="color: #000000;">Una guerra fallida. Combatir la pobreza sin acometer las causas</span></big></a><br />
<span style="color: #808080;"><strong>Henry Veltmeyer</strong></span><br />
<a style="color: #999999;" href="https://doi.org/10.35533/od.0102.hv" target="_blank" rel="noopener noreferrer">https://doi.org/10.35533/od.0102.hv</a><br />
<big></big></p>
<p><a href="https://estudiosdeldesarrollo.mx/observatoriodeldesarrollo/wp-content/uploads/2019/05/OD2-7.pdf" target="_blank" rel="noopener noreferrer"><big><span style="color: #000000;">Más allá del turismo. Reestructuración productiva y ciencias sociales</span></big></a><br />
<span style="color: #808080;"><strong>Guadalupe Margarita González Hernández</strong></span><br />
<a style="color: #999999;" href="https://doi.org/10.35533/od.0102.gmgh" target="_blank" rel="noopener noreferrer">https://doi.org/10.35533/od.0102.gmgh</a><br />
<big></big></p>
<p><a href="https://estudiosdeldesarrollo.mx/observatoriodeldesarrollo/wp-content/uploads/2019/05/OD2-8.pdf" target="_blank" rel="noopener noreferrer"><big><span style="color: #000000;">Crisis del medio ambiente y desarrollo. Una perspectiva de clase</span></big></a><br />
<span style="color: #808080;"><strong>Eliane Tomiasi Paulino</strong></span><br />
<a style="color: #999999;" href="https://doi.org/10.35533/od.0102.etp" target="_blank" rel="noopener noreferrer">https://doi.org/10.35533/od.0102.etp</a></p>
<h4 style="color: #c37b1f;"><b>Mirada a fondo</b></h4>
<p><a href="https://estudiosdeldesarrollo.mx/observatoriodeldesarrollo/wp-content/uploads/2019/05/OD2-9.pdf" target="_blank" rel="noopener noreferrer"><big><span style="color: #000000;">Des-domesticando a Celso Furtado</span></big></a><br />
<span style="color: #808080;"><strong>Carlos Mallorquín<br />
</strong></span><a style="color: #999999;" href="https://doi.org/10.35533/od.0102.cm" target="_blank" rel="noopener noreferrer">https://doi.org/10.35533/od.0102.cm</a></p>
<h4 style="color: #c37b1f;"><b>Foro académico</b></h4>
<p><a href="https://estudiosdeldesarrollo.mx/observatoriodeldesarrollo/wp-content/uploads/2019/05/OD2-10.pdf" target="_blank" rel="noopener noreferrer"><big><span style="color: #000000;">Migrantes, remesas y desarrollo. Una perspectiva desde África occidental</span></big></a><br />
<span style="color: #808080;"><strong>Rodolfo García Zamora<br />
</strong></span><a style="color: #999999;" href="https://doi.org/10.35533/od.0102.rgz" target="_blank" rel="noopener noreferrer">https://doi.org/10.35533/od.0102.rgz</a></p>
<h4 style="color: #c37b1f;"><b>Reseña</b></h4>
<p><a href="https://estudiosdeldesarrollo.mx/observatoriodeldesarrollo/wp-content/uploads/2019/06/OD2-11.pdf" target="_blank" rel="noopener noreferrer"><big><span style="color: #000000;">Nanotecnología en América Latina</span></big></a><br />
<span style="color: #808080;"><strong>Edgar Ramón Arteaga Figueroa<br />
</strong></span><a style="color: #999999;" href="https://doi.org/10.35533/od.0102.eraf" target="_blank" rel="noopener noreferrer">https://doi.org/10.35533/od.0102.eraf</a></p>
</div>
</div>

<p>Observatorio del Desarrollo. Investigación, reflexión y análisis, volumen 1, número 2, abril-junio de 2012, es una publicación cuatrimestral editada por la Universidad Autónoma de Zacatecas «Francisco García Salinas», a través de la Unidad Académica en Estudios del Desarrollo, Jardín Juárez</p>
