{"id":720,"date":"2018-12-05T18:25:40","date_gmt":"2018-12-05T18:25:40","guid":{"rendered":"https:\/\/estudiosdeldesarrollo.mx\/migracionydesarrolloenglishversion\/?page_id=720"},"modified":"2018-12-05T18:33:54","modified_gmt":"2018-12-05T18:33:54","slug":"numero-13","status":"publish","type":"page","link":"https:\/\/estudiosdeldesarrollo.mx\/migracionydesarrolloenglishversion\/numero-13\/","title":{"rendered":"N\u00famero 13"},"content":{"rendered":"<div id=\"contenedor30\">\n<div style=\"float: left;\">\n<div>\n<p><img loading=\"lazy\" decoding=\"async\" class=\"alignleft wp-image-507\" src=\"https:\/\/estudiosdeldesarrollo.mx\/migracionydesarrolloenglishversion\/wp-content\/uploads\/2018\/11\/13h300-e1543519134564-174x300.jpg\" alt=\"\" width=\"162\" height=\"280\" \/><\/p>\n<p><span style=\"color: #003300;\"><strong><em>Migraci\u00f3n y Desarrollo<\/em>, volumen 7, n\u00famero 13, segundo semestre 2009<\/strong><\/span>, es una publicaci\u00f3n semestral editada por la Universidad Aut\u00f3noma de Zacatecas \u00abFrancisco Garc\u00eda Salinas\u00bb, a trav\u00e9s de la Unidad Acad\u00e9mica de Estudios del Desarrollo, Jard\u00edn Ju\u00e1rez 147, colonia Centro, Zacatecas, C.P. 98000, Tel. (01492) 922 91 09, www.uaz.edu.mx, www.estudiosdeldesarrollo.net, revistamyd@estudiosdeldesarrollo.net. Editor responsable: Ra\u00fal Delgado Wise. Reserva de Derechos al Uso Exclusivo V\u00eda Red C\u00f3mputo No. 04-2015-060212200400-203. ISSN: 2448-7783, ambos otorgados por el Instituto Nacional del Derecho de Autor. Responsable de \u00faltima actualizaci\u00f3n: Unidad Acad\u00e9mica de Estudios del Desarrollo, Maximino Gerardo Luna Estrada, Campus Universitario II, avenida Preparatoria s\/n, fraccionamiento Progreso, Zacatecas, C.P. 98065. Fecha de la \u00faltima modificaci\u00f3n, noviembre de 2009.<\/p>\n<p>Las opiniones expresadas por los autores no necesariamente reflejan la postura del editor de la publicaci\u00f3n. Queda estrictamente prohibida la reproducci\u00f3n total o parcial de los contenidos e im\u00e1genes de la publicaci\u00f3n sin previa autorizaci\u00f3n de la Universidad Aut\u00f3noma de Zacatecas \u00abFrancisco Garc\u00eda Salinas\u00bb a trav\u00e9s de la Unidad Acad\u00e9mica de Estudios del Desarrollo.<\/p>\n<\/div>\n<\/div>\n<div style=\"float: left; background-color: #f2f2f2; padding: 10px; width: 100%;\">\n<p><a href=\"https:\/\/estudiosdeldesarrollo.mx\/migracionydesarrolloenglishversion\/number-13\/\"><img loading=\"lazy\" decoding=\"async\" class=\"alignright\" src=\"https:\/\/estudiosdeldesarrollo.mx\/migracionydesarrolloenglishversion\/wp-content\/uploads\/2018\/11\/flags.jpg\" alt=\"\" width=\"53\" height=\"27\" \/><\/a><\/p>\n<h4><span style=\"color: #003300;\"><b>Art\u00edculos<\/b><\/span><\/h4>\n<p><a href=\"https:\/\/estudiosdeldesarrollo.mx\/migracionydesarrolloenglishversion\/wp-content\/uploads\/2018\/11\/13-1.pdf\" target=\"_blank\" rel=\"noopener\"><big><span style=\"color: #000000;\">La informalizaci\u00f3n y la econom\u00eda pol\u00edtica de la reestructuraci\u00f3n<\/span><\/big><\/a><br \/>\n<span style=\"color: #808080;\"><b>Zoran Slavnic<\/b><\/span><br \/>\n<big><\/big><\/p>\n<p><a href=\"https:\/\/estudiosdeldesarrollo.mx\/migracionydesarrolloenglishversion\/wp-content\/uploads\/2018\/11\/13-2.pdf\" target=\"_blank\" rel=\"noopener\"><big><span style=\"color: #000000;\">Seguridad y migraci\u00f3n en el espacio fronterizo Tabasco-El Pet\u00e9n<\/span><\/big><\/a><br \/>\n<span style=\"color: #808080;\"><strong>Luis Alfredo Arriola Vega<\/strong><\/span><br \/>\n<big><\/big><\/p>\n<p><a href=\"https:\/\/estudiosdeldesarrollo.mx\/migracionydesarrolloenglishversion\/wp-content\/uploads\/2018\/11\/13-3.pdf\" target=\"_blank\" rel=\"noopener\"><big><span style=\"color: #000000;\">Movilidad laboral. Imposici\u00f3n estructural para la incorporaci\u00f3n ind\u00edgena a los mercados de trabajo en contextos globales<\/span><\/big><\/a><br \/>\n<span style=\"color: #808080;\"><strong>Lili\u00e1n Gonz\u00e1lez Ch\u00e9vez<\/strong><\/span><br \/>\n<big><\/big><\/p>\n<p><a href=\"https:\/\/estudiosdeldesarrollo.mx\/migracionydesarrolloenglishversion\/wp-content\/uploads\/2018\/11\/13-4.pdf\" target=\"_blank\" rel=\"noopener\"><big><span style=\"color: #000000;\">El v\u00ednculo migraci\u00f3n y desarrollo en el marco de la pol\u00edtica p\u00fablica espa\u00f1ola<\/span><\/big><\/a><br \/>\n<span style=\"color: #808080;\"><strong>Anna Sanmart\u00edn Ort\u00ed<\/strong><\/span><br \/>\n<big><\/big><\/p>\n<p><a href=\"https:\/\/estudiosdeldesarrollo.mx\/migracionydesarrolloenglishversion\/wp-content\/uploads\/2018\/11\/13-5.pdf\" target=\"_blank\" rel=\"noopener\"><big><span style=\"color: #000000;\">Entre el \u00absue\u00f1o zapatista\u00bb y el \u00absue\u00f1o americano\u00bb: la migraci\u00f3n a Estados Unidos vista desde las comunidades zapatistas<\/span><\/big><\/a><br \/>\n<span style=\"color: #808080;\"><strong>Alejandra Aquino Moreschi<br \/>\n<\/strong><\/span><\/p>\n<h4><span style=\"color: #003300;\"><b>Coyuntura y debate<\/b><\/span><\/h4>\n<p><a href=\"https:\/\/estudiosdeldesarrollo.mx\/migracionydesarrolloenglishversion\/wp-content\/uploads\/2018\/11\/13-7.pdf\" target=\"_blank\" rel=\"noopener\"><big><span style=\"color: #000000;\">El comportamiento regional de la inserci\u00f3n laboral de los mexicanos en Estados Unidos<\/span><\/big><\/a><br \/>\n<span style=\"color: #808080;\"><strong>Selene Gaspar Olvera | Rafael L\u00f3pez Vega<br \/>\n<\/strong><\/span><\/p>\n<h4><span style=\"color: #003300;\"><b>La voz de los actores<\/b><\/span><\/h4>\n<p><a href=\"https:\/\/estudiosdeldesarrollo.mx\/migracionydesarrolloenglishversion\/wp-content\/uploads\/2018\/11\/13-6.pdf\" target=\"_blank\" rel=\"noopener\"><big><span style=\"color: #000000;\">IX Conferencia Sudamericana sobre Migraciones<\/span><\/big><\/a><\/p>\n<p><span style=\"color: #808080;\"><strong>\u00a0<\/strong><\/span><\/p>\n<\/div>\n<\/div>\n","protected":false},"excerpt":{"rendered":"<p>Migraci\u00f3n y Desarrollo, volumen 7, n\u00famero 13, segundo semestre 2009, es una publicaci\u00f3n semestral editada por la Universidad Aut\u00f3noma de Zacatecas \u00abFrancisco Garc\u00eda Salinas\u00bb, a trav\u00e9s de la Unidad Acad\u00e9mica de Estudios del Desarrollo, Jard\u00edn Ju\u00e1rez 147, colonia Centro, Zacatecas,<\/p>\n","protected":false},"author":2,"featured_media":0,"parent":0,"menu_order":0,"comment_status":"closed","ping_status":"closed","template":"","meta":{"footnotes":""},"class_list":["post-720","page","type-page","status-publish","hentry"],"_links":{"self":[{"href":"https:\/\/estudiosdeldesarrollo.mx\/migracionydesarrolloenglishversion\/wp-json\/wp\/v2\/pages\/720","targetHints":{"allow":["GET"]}}],"collection":[{"href":"https:\/\/estudiosdeldesarrollo.mx\/migracionydesarrolloenglishversion\/wp-json\/wp\/v2\/pages"}],"about":[{"href":"https:\/\/estudiosdeldesarrollo.mx\/migracionydesarrolloenglishversion\/wp-json\/wp\/v2\/types\/page"}],"author":[{"embeddable":true,"href":"https:\/\/estudiosdeldesarrollo.mx\/migracionydesarrolloenglishversion\/wp-json\/wp\/v2\/users\/2"}],"replies":[{"embeddable":true,"href":"https:\/\/estudiosdeldesarrollo.mx\/migracionydesarrolloenglishversion\/wp-json\/wp\/v2\/comments?post=720"}],"version-history":[{"count":3,"href":"https:\/\/estudiosdeldesarrollo.mx\/migracionydesarrolloenglishversion\/wp-json\/wp\/v2\/pages\/720\/revisions"}],"predecessor-version":[{"id":725,"href":"https:\/\/estudiosdeldesarrollo.mx\/migracionydesarrolloenglishversion\/wp-json\/wp\/v2\/pages\/720\/revisions\/725"}],"wp:attachment":[{"href":"https:\/\/estudiosdeldesarrollo.mx\/migracionydesarrolloenglishversion\/wp-json\/wp\/v2\/media?parent=720"}],"curies":[{"name":"wp","href":"https:\/\/api.w.org\/{rel}","templated":true}]}}