{"id":51,"date":"2018-11-07T17:38:54","date_gmt":"2018-11-07T17:38:54","guid":{"rendered":"https:\/\/estudiosdeldesarrollo.mx\/migracionydesarrollo\/?page_id=51"},"modified":"2022-03-25T20:13:49","modified_gmt":"2022-03-25T20:13:49","slug":"acceso-abierto","status":"publish","type":"page","link":"https:\/\/estudiosdeldesarrollo.mx\/migracionydesarrollo\/acceso-abierto\/","title":{"rendered":"Acceso abierto"},"content":{"rendered":"<p>En noviembre de 2018 la Unidad Acad\u00e9mica en Estudios del Desarrollo se adhiri\u00f3 a la<span style=\"color: #000000;\"><a style=\"color: #000000;\" href=\"https:\/\/budapestopenaccessinitiative.org\/translations\/spanish-translation\" target=\"_blank\" rel=\"noopener\"> Iniciativa de Budapest para el Acceso Abiert<\/a><a style=\"color: #000000;\" href=\"https:\/\/budapestopenaccessinitiative.org\/\">o<\/a><\/span>, la cual propone la construcci\u00f3n de un futuro en el que la investigaci\u00f3n y la educaci\u00f3n, en todas partes del mundo, florezcan con mayor libertad.<\/p>\n<p style=\"text-align: center;\">Con el prop\u00f3sito de fomentar la difusi\u00f3n global del conocimiento, <em>Migraci\u00f3n y Desarrollo<\/em> brinda acceso abierto a su contenido bajo la licencia Creative Commons 4.0<br \/>\nAtribuci\u00f3n\/No comercial\/No derivadas<\/p>\n<p><img loading=\"lazy\" decoding=\"async\" class=\"alignnone wp-image-295 aligncenter\" src=\"https:\/\/estudiosdeldesarrollo.mx\/migracionydesarrollo\/wp-content\/uploads\/2018\/11\/cc-300x95.png\" alt=\"\" width=\"165\" height=\"52\" srcset=\"https:\/\/estudiosdeldesarrollo.mx\/migracionydesarrollo\/wp-content\/uploads\/2018\/11\/cc-300x95.png 300w, https:\/\/estudiosdeldesarrollo.mx\/migracionydesarrollo\/wp-content\/uploads\/2018\/11\/cc.png 530w\" sizes=\"auto, (max-width: 165px) 100vw, 165px\" \/><\/p>\n","protected":false},"excerpt":{"rendered":"<p>En noviembre de 2018 la Unidad Acad\u00e9mica en Estudios del Desarrollo se adhiri\u00f3 a la Iniciativa de Budapest para el Acceso Abierto, la cual propone la construcci\u00f3n de un futuro en el que la investigaci\u00f3n y la educaci\u00f3n, en todas<\/p>\n","protected":false},"author":2,"featured_media":0,"parent":0,"menu_order":0,"comment_status":"closed","ping_status":"closed","template":"","meta":{"footnotes":""},"class_list":["post-51","page","type-page","status-publish","hentry"],"_links":{"self":[{"href":"https:\/\/estudiosdeldesarrollo.mx\/migracionydesarrollo\/wp-json\/wp\/v2\/pages\/51","targetHints":{"allow":["GET"]}}],"collection":[{"href":"https:\/\/estudiosdeldesarrollo.mx\/migracionydesarrollo\/wp-json\/wp\/v2\/pages"}],"about":[{"href":"https:\/\/estudiosdeldesarrollo.mx\/migracionydesarrollo\/wp-json\/wp\/v2\/types\/page"}],"author":[{"embeddable":true,"href":"https:\/\/estudiosdeldesarrollo.mx\/migracionydesarrollo\/wp-json\/wp\/v2\/users\/2"}],"replies":[{"embeddable":true,"href":"https:\/\/estudiosdeldesarrollo.mx\/migracionydesarrollo\/wp-json\/wp\/v2\/comments?post=51"}],"version-history":[{"count":5,"href":"https:\/\/estudiosdeldesarrollo.mx\/migracionydesarrollo\/wp-json\/wp\/v2\/pages\/51\/revisions"}],"predecessor-version":[{"id":1879,"href":"https:\/\/estudiosdeldesarrollo.mx\/migracionydesarrollo\/wp-json\/wp\/v2\/pages\/51\/revisions\/1879"}],"wp:attachment":[{"href":"https:\/\/estudiosdeldesarrollo.mx\/migracionydesarrollo\/wp-json\/wp\/v2\/media?parent=51"}],"curies":[{"name":"wp","href":"https:\/\/api.w.org\/{rel}","templated":true}]}}