{"id":466,"date":"2018-11-28T16:06:57","date_gmt":"2018-11-28T16:06:57","guid":{"rendered":"https:\/\/estudiosdeldesarrollo.mx\/migracionydesarrollo\/?page_id=466"},"modified":"2021-04-23T17:20:09","modified_gmt":"2021-04-23T17:20:09","slug":"numero-20","status":"publish","type":"page","link":"https:\/\/estudiosdeldesarrollo.mx\/migracionydesarrollo\/numero-20\/","title":{"rendered":"N\u00famero 20"},"content":{"rendered":"<div id=\"contenedor30\">\n<div style=\"float: left;\">\n<div>\n<p><img loading=\"lazy\" decoding=\"async\" class=\"wp-image-384 alignleft\" src=\"https:\/\/estudiosdeldesarrollo.mx\/migracionydesarrollo\/wp-content\/uploads\/2018\/11\/20h308-214x300.jpg\" alt=\"\" width=\"161\" height=\"226\" srcset=\"https:\/\/estudiosdeldesarrollo.mx\/migracionydesarrollo\/wp-content\/uploads\/2018\/11\/20h308-214x300.jpg 214w, https:\/\/estudiosdeldesarrollo.mx\/migracionydesarrollo\/wp-content\/uploads\/2018\/11\/20h308.jpg 220w\" sizes=\"auto, (max-width: 161px) 100vw, 161px\" \/><\/p>\n<p><span style=\"color: #99ccff;\"><strong><em>Migraci\u00f3n y Desarrollo<\/em>, volumen 11, n\u00famero 20, primer semestre 2013<\/strong><\/span>, es una publicaci\u00f3n semestral editada por la Universidad Aut\u00f3noma de Zacatecas \u00abFrancisco Garc\u00eda Salinas\u00bb, a trav\u00e9s de la Unidad Acad\u00e9mica de Estudios del Desarrollo, Jard\u00edn Ju\u00e1rez 147, colonia Centro, Zacatecas, C.P. 98000, Tel. (01492) 922 91 09, www.uaz.edu.mx, www.estudiosdeldesarrollo.net, revistamyd@estudiosdeldesarrollo.net. Editor responsable: Ra\u00fal Delgado Wise. Reserva de Derechos al Uso Exclusivo V\u00eda Red C\u00f3mputo No. 04-2015-060212200400-203. ISSN: 2448-7783, ambos otorgados por el Instituto Nacional del Derecho de Autor. Responsable de \u00faltima actualizaci\u00f3n: Unidad Acad\u00e9mica de Estudios del Desarrollo, Maximino Gerardo Luna Estrada, Campus Universitario II, avenida Preparatoria s\/n, fraccionamiento Progreso, Zacatecas, C.P. 98065. Fecha de la \u00faltima modificaci\u00f3n, junio de 2013.<\/p>\n<p>Las opiniones expresadas por los autores no necesariamente reflejan la postura del editor de la publicaci\u00f3n. Queda estrictamente prohibida la reproducci\u00f3n total o parcial de los contenidos e im\u00e1genes de la publicaci\u00f3n sin previa autorizaci\u00f3n de la Universidad Aut\u00f3noma de Zacatecas \u00abFrancisco Garc\u00eda Salinas\u00bb a trav\u00e9s de la Unidad Acad\u00e9mica de Estudios del Desarrollo.<br \/>\n<a style=\"color: #999999;\" href=\"https:\/\/doi.org\/10.35533\/myd.numero20\" target=\"_blank\" rel=\"noopener noreferrer\">https:\/\/doi.org\/10.35533\/myd.numero20<\/a><\/p>\n<\/div>\n<\/div>\n<div style=\"float: left; background-color: #f2f2f2; padding: 10px; width: 100%;\">\n<p><a href=\"https:\/\/estudiosdeldesarrollo.mx\/migracionydesarrollo\/wp-content\/uploads\/2018\/11\/20-1.pdf\" target=\"_blank\" rel=\"noopener\"><big><span style=\"color: #000000;\">Editorial. Diez a\u00f1os de promover una agenda alternativa de investigaci\u00f3n y acci\u00f3n <\/span><\/big><\/a><br \/>\n<span style=\"color: #808080;\"><b>Ra\u00fal Delgado Wise<br \/>\n<\/b><\/span><\/p>\n<h4 style=\"color: #8a6b28;\"><span style=\"color: #99ccff;\"><b>Art\u00edculos<\/b><\/span><\/h4>\n<p><a href=\"https:\/\/estudiosdeldesarrollo.mx\/migracionydesarrollo\/wp-content\/uploads\/2018\/11\/20-2.pdf\" target=\"_blank\" rel=\"noopener\"><big><span style=\"color: #000000;\">Migraci\u00f3n, trabajo y derechos precarios: perspectivas hist\u00f3rica y actual<\/span><\/big><\/a><br \/>\n<span style=\"color: #808080;\"><b>Stephen Castles<\/b><\/span><br \/>\n<a style=\"color: #999999;\" href=\"https:\/\/doi.org\/10.35533\/myd.1120.sc\" target=\"_blank\" rel=\"noopener noreferrer\">https:\/\/doi.org\/10.35533\/myd.1120.sc<\/a><br \/>\n<big><\/big><\/p>\n<p><a href=\"https:\/\/estudiosdeldesarrollo.mx\/migracionydesarrollo\/wp-content\/uploads\/2018\/11\/20-3.pdf\" target=\"_blank\" rel=\"noopener\"><big><span style=\"color: #000000;\">\u00bfM\u00e1s all\u00e1 del norte y del sur? Migraci\u00f3n, informalizaci\u00f3n y revitalizaci\u00f3n sindical<\/span><\/big><\/a><br \/>\n<span style=\"color: #808080;\"><strong>Ronaldo Munck<\/strong><\/span><br \/>\n<a style=\"color: #999999;\" href=\"https:\/\/doi.org\/10.35533\/myd.1120.rm\" target=\"_blank\" rel=\"noopener noreferrer\">https:\/\/doi.org\/10.35533\/myd.1120.rm<\/a><br \/>\n<big><\/big><\/p>\n<p><a href=\"https:\/\/estudiosdeldesarrollo.mx\/migracionydesarrollo\/wp-content\/uploads\/2018\/11\/20-4.pdf\" target=\"_blank\" rel=\"noopener\"><big><span style=\"color: #000000;\">\u00abAhora todos somos transnacionales\u00bb: relevancia de la transnacionalidad para comprender las inequidades sociales<\/span><\/big><\/a><br \/>\n<span style=\"color: #808080;\"><strong>Thomas Faist<\/strong><\/span><br \/>\n<a style=\"color: #999999;\" href=\"https:\/\/doi.org\/10.35533\/myd.1120.tf\" target=\"_blank\" rel=\"noopener noreferrer\">https:\/\/doi.org\/10.35533\/myd.1120.tf<\/a><br \/>\n<big><\/big><\/p>\n<p><a href=\"https:\/\/estudiosdeldesarrollo.mx\/migracionydesarrollo\/wp-content\/uploads\/2018\/11\/20-5.pdf\" target=\"_blank\" rel=\"noopener\"><big><span style=\"color: #000000;\">El \u00e1guila y el drag\u00f3n: el papel de las organizaciones transnacionales de inmigrantes en China y M\u00e9xico<\/span><\/big><\/a><br \/>\n<span style=\"color: #808080;\"><strong>Alejandro Portes | Min Zhou<\/strong><\/span><br \/>\n<a style=\"color: #999999;\" href=\"https:\/\/doi.org\/10.35533\/myd.1120.ap.mz\" target=\"_blank\" rel=\"noopener noreferrer\">https:\/\/doi.org\/10.35533\/myd.1120.ap.mz<\/a><br \/>\n<big><\/big><\/p>\n<p><a href=\"https:\/\/estudiosdeldesarrollo.mx\/migracionydesarrollo\/wp-content\/uploads\/2018\/11\/20-6.pdf\" target=\"_blank\" rel=\"noopener\"><big><span style=\"color: #000000;\">Migraci\u00f3n y desarrollo en Cuba: socialismo, subdesarrollo productivo y globalizaci\u00f3n neoliberal<\/span><\/big><\/a><br \/>\n<span style=\"color: #808080;\"><strong>Edel Jos\u00e9 Fresneda Camacho | Ra\u00fal Delgado Wise<br \/>\n<\/strong><\/span><a style=\"color: #999999;\" href=\"https:\/\/doi.org\/10.35533\/myd.1120.ejfc.rdw\" target=\"_blank\" rel=\"noopener noreferrer\">https:\/\/doi.org\/10.35533\/myd.1120.ejfc.rdw<\/a><\/p>\n<h4><span style=\"color: #99ccff;\"><b>Coyuntura y debate<\/b><\/span><\/h4>\n<p><a href=\"https:\/\/estudiosdeldesarrollo.mx\/migracionydesarrollo\/wp-content\/uploads\/2018\/11\/20-7.pdf\" target=\"_blank\" rel=\"noopener\"><big><span style=\"color: #000000;\">Uruguay: cien a\u00f1os de transici\u00f3n demogr\u00e1fica<\/span><\/big><\/a><br \/>\n<span style=\"color: #808080;\"><strong>Adela Pellegrino<br \/>\n<\/strong><\/span><a style=\"color: #999999;\" href=\"https:\/\/doi.org\/10.35533\/myd.1120.ap\" target=\"_blank\" rel=\"noopener noreferrer\">https:\/\/doi.org\/10.35533\/myd.1120.ap<\/a><\/p>\n<h4><span style=\"color: #99ccff;\"><b>La voz de los actores<\/b><\/span><\/h4>\n<p><a href=\"https:\/\/estudiosdeldesarrollo.mx\/migracionydesarrollo\/wp-content\/uploads\/2018\/11\/20-8.pdf\" target=\"_blank\" rel=\"noopener\"><big><span style=\"color: #000000;\">Movilidad, derechos, modelos globales: en busca de alternativas. Declaraci\u00f3n de Manila, 29 de noviembre de 2012<\/span><\/big><\/a><br \/>\n<span style=\"color: #808080;\"><strong>Foro Social Mundial de las Migraciones<br \/>\n<\/strong><\/span><\/p>\n<\/div>\n<\/div>\n","protected":false},"excerpt":{"rendered":"<p>Migraci\u00f3n y Desarrollo, volumen 11, n\u00famero 20, primer semestre 2013, es una publicaci\u00f3n semestral editada por la Universidad Aut\u00f3noma de Zacatecas \u00abFrancisco Garc\u00eda Salinas\u00bb, a trav\u00e9s de la Unidad Acad\u00e9mica de Estudios del Desarrollo, Jard\u00edn Ju\u00e1rez 147, colonia Centro, Zacatecas,<\/p>\n","protected":false},"author":2,"featured_media":0,"parent":0,"menu_order":0,"comment_status":"closed","ping_status":"closed","template":"","meta":{"footnotes":""},"class_list":["post-466","page","type-page","status-publish","hentry"],"_links":{"self":[{"href":"https:\/\/estudiosdeldesarrollo.mx\/migracionydesarrollo\/wp-json\/wp\/v2\/pages\/466","targetHints":{"allow":["GET"]}}],"collection":[{"href":"https:\/\/estudiosdeldesarrollo.mx\/migracionydesarrollo\/wp-json\/wp\/v2\/pages"}],"about":[{"href":"https:\/\/estudiosdeldesarrollo.mx\/migracionydesarrollo\/wp-json\/wp\/v2\/types\/page"}],"author":[{"embeddable":true,"href":"https:\/\/estudiosdeldesarrollo.mx\/migracionydesarrollo\/wp-json\/wp\/v2\/users\/2"}],"replies":[{"embeddable":true,"href":"https:\/\/estudiosdeldesarrollo.mx\/migracionydesarrollo\/wp-json\/wp\/v2\/comments?post=466"}],"version-history":[{"count":2,"href":"https:\/\/estudiosdeldesarrollo.mx\/migracionydesarrollo\/wp-json\/wp\/v2\/pages\/466\/revisions"}],"predecessor-version":[{"id":1466,"href":"https:\/\/estudiosdeldesarrollo.mx\/migracionydesarrollo\/wp-json\/wp\/v2\/pages\/466\/revisions\/1466"}],"wp:attachment":[{"href":"https:\/\/estudiosdeldesarrollo.mx\/migracionydesarrollo\/wp-json\/wp\/v2\/media?parent=466"}],"curies":[{"name":"wp","href":"https:\/\/api.w.org\/{rel}","templated":true}]}}