{"id":29,"date":"2018-11-07T17:35:42","date_gmt":"2018-11-07T17:35:42","guid":{"rendered":"https:\/\/estudiosdeldesarrollo.mx\/migracionydesarrollo\/?page_id=29"},"modified":"2019-05-14T14:34:10","modified_gmt":"2019-05-14T14:34:10","slug":"objetivo","status":"publish","type":"page","link":"https:\/\/estudiosdeldesarrollo.mx\/migracionydesarrollo\/objetivo\/","title":{"rendered":"Objetivo"},"content":{"rendered":"<p>Impulsar una mirada cr\u00edtica acerca del v\u00ednculo entre migraci\u00f3n y desarrollo denominada <em>perspectiva del Sur<\/em>, cuyo eje central son los derechos humanos.<\/p>\n","protected":false},"excerpt":{"rendered":"<p>Impulsar una mirada cr\u00edtica acerca del v\u00ednculo entre migraci\u00f3n y desarrollo denominada perspectiva del Sur, cuyo eje central son los derechos humanos.<\/p>\n","protected":false},"author":2,"featured_media":0,"parent":0,"menu_order":0,"comment_status":"closed","ping_status":"closed","template":"","meta":{"footnotes":""},"class_list":["post-29","page","type-page","status-publish","hentry"],"_links":{"self":[{"href":"https:\/\/estudiosdeldesarrollo.mx\/migracionydesarrollo\/wp-json\/wp\/v2\/pages\/29","targetHints":{"allow":["GET"]}}],"collection":[{"href":"https:\/\/estudiosdeldesarrollo.mx\/migracionydesarrollo\/wp-json\/wp\/v2\/pages"}],"about":[{"href":"https:\/\/estudiosdeldesarrollo.mx\/migracionydesarrollo\/wp-json\/wp\/v2\/types\/page"}],"author":[{"embeddable":true,"href":"https:\/\/estudiosdeldesarrollo.mx\/migracionydesarrollo\/wp-json\/wp\/v2\/users\/2"}],"replies":[{"embeddable":true,"href":"https:\/\/estudiosdeldesarrollo.mx\/migracionydesarrollo\/wp-json\/wp\/v2\/comments?post=29"}],"version-history":[{"count":2,"href":"https:\/\/estudiosdeldesarrollo.mx\/migracionydesarrollo\/wp-json\/wp\/v2\/pages\/29\/revisions"}],"predecessor-version":[{"id":259,"href":"https:\/\/estudiosdeldesarrollo.mx\/migracionydesarrollo\/wp-json\/wp\/v2\/pages\/29\/revisions\/259"}],"wp:attachment":[{"href":"https:\/\/estudiosdeldesarrollo.mx\/migracionydesarrollo\/wp-json\/wp\/v2\/media?parent=29"}],"curies":[{"name":"wp","href":"https:\/\/api.w.org\/{rel}","templated":true}]}}

<p>Impulsar una mirada crítica acerca del vínculo entre migración y desarrollo denominada <em>perspectiva del Sur</em>, cuyo eje central son los derechos humanos.</p>

<p>Impulsar una mirada crítica acerca del vínculo entre migración y desarrollo denominada perspectiva del Sur, cuyo eje central son los derechos humanos.</p>
