{"id":2231,"date":"2024-01-26T20:06:09","date_gmt":"2024-01-26T20:06:09","guid":{"rendered":"https:\/\/estudiosdeldesarrollo.mx\/migracionydesarrollo\/?page_id=2231"},"modified":"2024-04-10T18:36:30","modified_gmt":"2024-04-10T18:36:30","slug":"numero-40-resumen-mle","status":"publish","type":"page","link":"https:\/\/estudiosdeldesarrollo.mx\/migracionydesarrollo\/numero-40-resumen-mle\/","title":{"rendered":"Numero 40 resumen mle"},"content":{"rendered":"<div id=\"contenedor30\">\n<div style=\"float: left;\">\n<div>\n<p><a href=\"https:\/\/estudiosdeldesarrollo.mx\/migracionydesarrollo\/numero-40\/\"><img loading=\"lazy\" decoding=\"async\" class=\" wp-image-111 alignleft\" src=\"https:\/\/estudiosdeldesarrollo.mx\/migracionydesarrollo\/wp-content\/uploads\/2023\/12\/MyD40portada.jpg\" alt=\"\" width=\"177\" height=\"246\" \/><\/a><\/p>\n<p><span style=\"color: #028575;\"><strong><em>Migraci\u00f3n y Desarrollo<\/em>, volumen 21, n\u00famero 40, primer semestre 2023<\/strong><\/span>, es una publicaci\u00f3n semestral editada por la Universidad Aut\u00f3noma de Zacatecas \u00abFrancisco Garc\u00eda Salinas\u00bb, a trav\u00e9s de la Unidad Acad\u00e9mica de Estudios del Desarrollo, Jard\u00edn Ju\u00e1rez 147, colonia Centro, Zacatecas, C.P. 98000, Tel. (01492) 922 91 09, www.uaz.edu.mx, www.estudiosdeldesarrollo.net, revistamyd@estudiosdeldesarrollo.net. Editor responsable: Ra\u00fal Delgado Wise. Reserva de Derechos al Uso Exclusivo V\u00eda Red C\u00f3mputo No. 04-2015-060212200400-203. ISSN: 2448-7783, ambos otorgados por el Instituto Nacional del Derecho de Autor. Responsable de \u00faltima actualizaci\u00f3n: Unidad Acad\u00e9mica de Estudios del Desarrollo, Maximino Gerardo Luna Estrada, Campus Universitario II, avenida Preparatoria s\/n, fraccionamiento Progreso, Zacatecas, C.P. 98065. Fecha de la \u00faltima modificaci\u00f3n, agosto de 2023.<\/p>\n<p>Las opiniones expresadas por los autores no necesariamente reflejan la postura del editor de la publicaci\u00f3n. Queda estrictamente prohibida la reproducci\u00f3n total o parcial de los contenidos e im\u00e1genes de la publicaci\u00f3n sin previa autorizaci\u00f3n de la Universidad Aut\u00f3noma de Zacatecas \u00abFrancisco Garc\u00eda Salinas\u00bb a trav\u00e9s de la Unidad Acad\u00e9mica de Estudios del Desarrollo.<\/p>\n<p><a style=\"color: #999999;\" href=\"https:\/\/doi.org\/10.35533\/myd.numero40\" target=\"_blank\" rel=\"noopener noreferrer\"> https:\/\/doi.org\/10.35533\/myd.numero40<\/a><\/p>\n<\/div>\n<\/div>\n<div style=\"float: left; background-color: #f2f2f2; padding: 10px; width: 100%;\">\n<h4 style=\"color: #028575;\"><span style=\"color: #028575;\"><b><big>Editorial<\/big><\/b><\/span><\/h4>\n<p><span style=\"font-size: 19.2px; color: #000000;\">Veinte a\u00f1os de impulsar una agenda cr\u00edtica y alternativa de investigaci\u00f3n<\/span><br \/><span style=\"color: #808080;\"><b>Ra\u00fal Delgado Wise<br \/><\/b><a style=\"color: #0088c2;\" href=\"https:\/\/estudiosdeldesarrollo.mx\/migracionydesarrollo\/numero-40-editorial\/\">Texto <span style=\"color: #0088c2;\">completo<\/span><\/a> | <a style=\"color: #0088c2;\" href=\"https:\/\/estudiosdeldesarrollo.mx\/migracionydesarrollo\/wp-content\/uploads\/2024\/01\/40-e.pdf\" target=\"_blank\" rel=\"noopener\">PDF<\/a><\/span><\/p>\n<h4 style=\"color: #028575;\"><span style=\"color: #028575;\"><b><big>Art\u00edculos<\/big><\/b><\/span><\/h4>\n<p><span style=\"font-size: 19.2px; color: #000000;\">Migraci\u00f3n y urbanizaci\u00f3n perif\u00e9rica: el caso de la zona metropolitana del Valle de M\u00e9xico<\/span><br \/><span style=\"color: #808080;\"><b>Ra\u00fal Delgado Wise | Francisco J. Caballero Anguiano | Selene Gaspar Olvera<\/b><\/span><br \/><a style=\"color: #333333;\" href=\"https:\/\/doi.org\/10.35533\/myd.2140.rdw.fjca.sgo\">https:\/\/doi.org\/10.35533\/myd.2140.rdw.fjca.sgo<\/a><br \/><a href=\"https:\/\/estudiosdeldesarrollo.mx\/migracionydesarrollo\/numero-40\/\"><span style=\"color: #808080;\"><span style=\"color: #0088c2;\">Resumen<\/span><\/span><\/a><a><span style=\"color: #0088c2;\"> | <\/span><\/a><a style=\"color: #0088c2;\" href=\"https:\/\/estudiosdeldesarrollo.mx\/migracionydesarrollo\/numero-40-texto-completo-rdw\/\">Texto <span style=\"color: #0088c2;\">completo<\/span><\/a> | <a style=\"color: #0088c2;\" href=\"https:\/\/estudiosdeldesarrollo.mx\/migracionydesarrollo\/wp-content\/uploads\/2024\/01\/40-1.pdf\" target=\"_blank\" rel=\"noopener\">PDF<\/a><\/p>\n<p><span style=\"color: #000000;\"><span style=\"font-size: 19.2px;\">La gobernanza de la migraci\u00f3n y el desarrollo impulsada por las empresas: un reto para la sociedad civil<\/span><\/span><br \/><span style=\"color: #808080;\"><strong>Branka Likic-Brboric<br \/><\/strong><\/span><span style=\"color: #333333;\"><a style=\"color: #333333;\" href=\"https:\/\/doi.org\/10.35533\/myd.2140.blb\">https:\/\/doi.org\/10.35533\/myd.2140.blb<\/a><\/span><br \/><a href=\"https:\/\/estudiosdeldesarrollo.mx\/migracionydesarrollo\/numero-40-resumen-blb\/\"><span style=\"color: #808080;\"><span style=\"color: #0088c2;\">Resumen<\/span><\/span><\/a><span style=\"color: #0088c2;\"> | <a style=\"color: #0088c2;\" href=\"https:\/\/estudiosdeldesarrollo.mx\/migracionydesarrollo\/numero-40-texto-completo-blb\/\">Texto <span style=\"color: #0088c2;\">completo<\/span><\/a> | <a style=\"color: #0088c2;\" href=\"https:\/\/estudiosdeldesarrollo.mx\/migracionydesarrollo\/wp-content\/uploads\/2024\/01\/40-2.pdf\" target=\"_blank\" rel=\"noopener\">PDF<\/a><\/span><\/p>\n<p><span style=\"color: #000000;\"><span style=\"font-size: 19.2px;\">Un contramovimiento del precariado: migraci\u00f3n, trabajo y el enigma de los derechos humanos<\/span><\/span><br \/><span style=\"color: #808080;\"><strong>Carl Ulrik Schierup | Aleksandra Alund<br \/><\/strong><\/span><span style=\"color: #333333;\"><a style=\"color: #333333;\" href=\"https:\/\/doi.org\/10.35533\/myd.2140.cus.aa\">https:\/\/doi.org\/10.35533\/myd.2140.cus.aa<\/a><\/span><br \/><a href=\"https:\/\/estudiosdeldesarrollo.mx\/migracionydesarrollo\/numero-40-resumen-cus\/\"><span style=\"color: #808080;\"><span style=\"color: #0088c2;\">Resumen<\/span><\/span><\/a><span style=\"color: #0088c2;\"> | <a style=\"color: #0088c2;\" href=\"https:\/\/estudiosdeldesarrollo.mx\/migracionydesarrollo\/numero-40-texto-completo-cus\/\">Texto <span style=\"color: #0088c2;\">completo<\/span><\/a> | <a style=\"color: #0088c2;\" href=\"https:\/\/estudiosdeldesarrollo.mx\/migracionydesarrollo\/wp-content\/uploads\/2024\/01\/40-3.pdf\" target=\"_blank\" rel=\"noopener\">PDF<\/a><\/span><\/p>\n<p><span style=\"color: #000000;\"><span style=\"font-size: 19.2px;\">Estereotipos de g\u00e9nero en la movilidad humana: reflexiones y desaf\u00edos desde Argentina<\/span><\/span><br \/><span style=\"color: #808080;\"><strong>Maria Luz Espiro | Sabrina P. Vecchioni<br \/><\/strong><\/span><span style=\"color: #333333;\"><a style=\"color: #333333;\" href=\"https:\/\/doi.org\/10.35533\/myd.2140.mle.spv\">https:\/\/doi.org\/10.35533\/myd.2140.mle.spv<\/a><\/span><br \/><a href=\"https:\/\/estudiosdeldesarrollo.mx\/migracionydesarrollo\/numero-40\"><span style=\"color: #808080;\"><span style=\"color: #0088c2;\">Resumen<\/span><\/span><\/a><span style=\"color: #0088c2;\"> | <a style=\"color: #0088c2;\" href=\"https:\/\/estudiosdeldesarrollo.mx\/migracionydesarrollo\/numero-40-texto-completo-mle\/\">Texto <span style=\"color: #0088c2;\">completo<\/span><\/a> | <a style=\"color: #0088c2;\" href=\"https:\/\/estudiosdeldesarrollo.mx\/migracionydesarrollo\/wp-content\/uploads\/2024\/01\/40-4.pdf\" target=\"_blank\" rel=\"noopener\">PDF<\/a><\/span><\/p>\n<p class=\"p1\" style=\"padding-left: 40px;\">A pesar de la presencia continua de las mujeres en los procesos de movilidad, la agenda androc\u00e9ntrica y paternalista basada en estereotipos de g\u00e9nero sigue dominando la legislaci\u00f3n sobre migraci\u00f3n y refugio, en especial en el Sur global. Este texto examina cr\u00edticamente las regulaciones a nivel internacional y nacional en Argentina, se enfoca en los tratamientos legales de la migraci\u00f3n y el desplazamiento forzado y su impacto en la construcci\u00f3n del sujeto migrante frente al sujeto refugiado. Adem\u00e1s, se basa en perspectivas decoloniales y feministas interseccionales y destaca el anacronismo creado por la legislaci\u00f3n en la construcci\u00f3n de estereotipos de sufrimiento y desigualdad. La investigaci\u00f3n triangula estad\u00edsticas oficiales sobre migraci\u00f3n y refugiados en Argentina, junto con entrevistas a mujeres senegalesas. Los resultados muestran que la legislaci\u00f3n argentina clasifica a las personas merecedoras de asilo seg\u00fan patrones de vulnerabilidad y sufrimiento, ignorando las especificidades y complejidades en la experiencia vivida por las mujeres migrantes, lo que para las mujeres senegalesas, en particular, supone la exclusi\u00f3n sistem\u00e1tica en el tratamiento de las solicitudes de asilo.<\/p>\n<p><span style=\"color: #000000;\"><span style=\"font-size: 19.2px;\">La conformaci\u00f3n de un mercado laboral regional en el sector de servicios, los j\u00f3venes trabajadores en M\u00e9xico y Estados Unidos<\/span><\/span><br \/><span style=\"color: #808080;\"><strong>Patricia Pozos Rivera<br \/><\/strong><\/span><span style=\"color: #333333;\"><a style=\"color: #333333;\" href=\"https:\/\/doi.org\/10.35533\/myd.2140.ppr\">https:\/\/doi.org\/10.35533\/myd.2140.ppr<\/a><\/span><br \/><a href=\"https:\/\/estudiosdeldesarrollo.mx\/migracionydesarrollo\/numero-40-resumen-ppr\/\"><span style=\"color: #808080;\"><span style=\"color: #0088c2;\">Resumen<\/span><\/span><\/a><span style=\"color: #0088c2;\"> | <a style=\"color: #0088c2;\" href=\"https:\/\/estudiosdeldesarrollo.mx\/migracionydesarrollo\/numero-40-texto-completo-ppr\/\">Texto <span style=\"color: #0088c2;\">completo<\/span><\/a> | <a style=\"color: #0088c2;\" href=\"https:\/\/estudiosdeldesarrollo.mx\/migracionydesarrollo\/wp-content\/uploads\/2024\/01\/40-5.pdf\" target=\"_blank\" rel=\"noopener\">PDF<\/a><\/span><\/p>\n<h4 style=\"color: #028575;\"><span style=\"color: #028575;\"><b><big>Coyuntura y debate<\/big><\/b><\/span><\/h4>\n<p><span style=\"font-size: 19.2px; color: #000000;\">Marxismo y desarrollo: una breve genealog\u00eda<\/span><br \/><span style=\"color: #808080;\"><b>Ronaldo Munck<br \/><\/b><\/span><span style=\"color: #333333;\"><a style=\"color: #333333;\" href=\"https:\/\/doi.org\/10.35533\/myd.2140.rm\">https:\/\/doi.org\/10.35533\/myd.2140.rm<\/a><\/span><br \/><a href=\"https:\/\/estudiosdeldesarrollo.mx\/migracionydesarrollo\/numero-40-resumen-rm\/\"><span style=\"color: #808080;\"><span style=\"color: #0088c2;\">Resumen<\/span><\/span><\/a><span style=\"color: #0088c2;\"> | <a style=\"color: #0088c2;\" href=\"https:\/\/estudiosdeldesarrollo.mx\/migracionydesarrollo\/numero-40-texto-completo-rm\/\">Texto <span style=\"color: #0088c2;\">completo<\/span><\/a> | <a style=\"color: #0088c2;\" href=\"https:\/\/estudiosdeldesarrollo.mx\/migracionydesarrollo\/wp-content\/uploads\/2024\/01\/40-6.pdf\" target=\"_blank\" rel=\"noopener\">PDF<\/a><\/span><\/p>\n<h4 style=\"color: #028575;\"><a href=\"https:\/\/estudiosdeldesarrollo.mx\/migracionydesarrollo\/wp-content\/uploads\/2024\/01\/40-s.pdf\" target=\"_blank\" rel=\"noopener\"><span style=\"color: #028575;\"><b><big>Semblanzas<\/big><\/b><\/span><\/a><\/h4>\n<h4 style=\"color: #730057;\"><a style=\"font-size: 16px; background-color: #ffffff;\" href=\"http:\/\/creativecommons.org\/licenses\/by-nc-nd\/4.0\/\" rel=\"license\"><img decoding=\"async\" style=\"border-width: 0;\" src=\"https:\/\/i.creativecommons.org\/l\/by-nc-nd\/4.0\/88x31.png\" alt=\"Licencia de Creative Commons\" \/><\/a><\/h4>\n<\/div>\n<\/div>\n<p><span style=\"color: #808080;\">Este obra est\u00e1 bajo una <a style=\"color: #808080;\" href=\"http:\/\/creativecommons.org\/licenses\/by-nc-nd\/4.0\/\" rel=\"license\">licencia de Creative Commons Reconocimiento-NoComercial-SinObraDerivada 4.0 Internacional<\/a>.<\/span><\/p>\n\n\n<p><\/p>\n","protected":false},"excerpt":{"rendered":"<p>Migraci\u00f3n y Desarrollo, volumen 21, n\u00famero 40, primer semestre 2023, es una publicaci\u00f3n semestral editada por la Universidad Aut\u00f3noma de Zacatecas \u00abFrancisco Garc\u00eda Salinas\u00bb, a trav\u00e9s de la Unidad Acad\u00e9mica de Estudios del Desarrollo, Jard\u00edn Ju\u00e1rez 147, colonia Centro, Zacatecas,<\/p>\n","protected":false},"author":2,"featured_media":0,"parent":0,"menu_order":0,"comment_status":"closed","ping_status":"closed","template":"","meta":{"footnotes":""},"class_list":["post-2231","page","type-page","status-publish","hentry"],"_links":{"self":[{"href":"https:\/\/estudiosdeldesarrollo.mx\/migracionydesarrollo\/wp-json\/wp\/v2\/pages\/2231","targetHints":{"allow":["GET"]}}],"collection":[{"href":"https:\/\/estudiosdeldesarrollo.mx\/migracionydesarrollo\/wp-json\/wp\/v2\/pages"}],"about":[{"href":"https:\/\/estudiosdeldesarrollo.mx\/migracionydesarrollo\/wp-json\/wp\/v2\/types\/page"}],"author":[{"embeddable":true,"href":"https:\/\/estudiosdeldesarrollo.mx\/migracionydesarrollo\/wp-json\/wp\/v2\/users\/2"}],"replies":[{"embeddable":true,"href":"https:\/\/estudiosdeldesarrollo.mx\/migracionydesarrollo\/wp-json\/wp\/v2\/comments?post=2231"}],"version-history":[{"count":3,"href":"https:\/\/estudiosdeldesarrollo.mx\/migracionydesarrollo\/wp-json\/wp\/v2\/pages\/2231\/revisions"}],"predecessor-version":[{"id":2271,"href":"https:\/\/estudiosdeldesarrollo.mx\/migracionydesarrollo\/wp-json\/wp\/v2\/pages\/2231\/revisions\/2271"}],"wp:attachment":[{"href":"https:\/\/estudiosdeldesarrollo.mx\/migracionydesarrollo\/wp-json\/wp\/v2\/media?parent=2231"}],"curies":[{"name":"wp","href":"https:\/\/api.w.org\/{rel}","templated":true}]}}

<div id="contenedor30">
<div style="float: left;">
<div>
<p><a href="https://estudiosdeldesarrollo.mx/migracionydesarrollo/numero-40/"><img loading="lazy" decoding="async" class=" wp-image-111 alignleft" src="https://estudiosdeldesarrollo.mx/migracionydesarrollo/wp-content/uploads/2023/12/MyD40portada.jpg" alt="" width="177" height="246" /></a></p>
<p><span style="color: #028575;"><strong><em>Migración y Desarrollo</em>, volumen 21, número 40, primer semestre 2023</strong></span>, es una publicación semestral editada por la Universidad Autónoma de Zacatecas «Francisco García Salinas», a través de la Unidad Académica de Estudios del Desarrollo, Jardín Juárez 147, colonia Centro, Zacatecas, C.P. 98000, Tel. (01492) 922 91 09, www.uaz.edu.mx, www.estudiosdeldesarrollo.net, revistamyd@estudiosdeldesarrollo.net. Editor responsable: Raúl Delgado Wise. Reserva de Derechos al Uso Exclusivo Vía Red Cómputo No. 04-2015-060212200400-203. ISSN: 2448-7783, ambos otorgados por el Instituto Nacional del Derecho de Autor. Responsable de última actualización: Unidad Académica de Estudios del Desarrollo, Maximino Gerardo Luna Estrada, Campus Universitario II, avenida Preparatoria s/n, fraccionamiento Progreso, Zacatecas, C.P. 98065. Fecha de la última modificación, agosto de 2023.</p>
<p>Las opiniones expresadas por los autores no necesariamente reflejan la postura del editor de la publicación. Queda estrictamente prohibida la reproducción total o parcial de los contenidos e imágenes de la publicación sin previa autorización de la Universidad Autónoma de Zacatecas «Francisco García Salinas» a través de la Unidad Académica de Estudios del Desarrollo.</p>
<p><a style="color: #999999;" href="https://doi.org/10.35533/myd.numero40" target="_blank" rel="noopener noreferrer"> https://doi.org/10.35533/myd.numero40</a></p>
</div>
</div>
<div style="float: left; background-color: #f2f2f2; padding: 10px; width: 100%;">
<h4 style="color: #028575;"><span style="color: #028575;"><b><big>Editorial</big></b></span></h4>
<p><span style="font-size: 19.2px; color: #000000;">Veinte años de impulsar una agenda crítica y alternativa de investigación</span><br /><span style="color: #808080;"><b>Raúl Delgado Wise<br /></b><a style="color: #0088c2;" href="https://estudiosdeldesarrollo.mx/migracionydesarrollo/numero-40-editorial/">Texto <span style="color: #0088c2;">completo</span></a> | <a style="color: #0088c2;" href="https://estudiosdeldesarrollo.mx/migracionydesarrollo/wp-content/uploads/2024/01/40-e.pdf" target="_blank" rel="noopener">PDF</a></span></p>
<h4 style="color: #028575;"><span style="color: #028575;"><b><big>Artículos</big></b></span></h4>
<p><span style="font-size: 19.2px; color: #000000;">Migración y urbanización periférica: el caso de la zona metropolitana del Valle de México</span><br /><span style="color: #808080;"><b>Raúl Delgado Wise | Francisco J. Caballero Anguiano | Selene Gaspar Olvera</b></span><br /><a style="color: #333333;" href="https://doi.org/10.35533/myd.2140.rdw.fjca.sgo">https://doi.org/10.35533/myd.2140.rdw.fjca.sgo</a><br /><a href="https://estudiosdeldesarrollo.mx/migracionydesarrollo/numero-40/"><span style="color: #808080;"><span style="color: #0088c2;">Resumen</span></span></a><a><span style="color: #0088c2;"> | </span></a><a style="color: #0088c2;" href="https://estudiosdeldesarrollo.mx/migracionydesarrollo/numero-40-texto-completo-rdw/">Texto <span style="color: #0088c2;">completo</span></a> | <a style="color: #0088c2;" href="https://estudiosdeldesarrollo.mx/migracionydesarrollo/wp-content/uploads/2024/01/40-1.pdf" target="_blank" rel="noopener">PDF</a></p>
<p><span style="color: #000000;"><span style="font-size: 19.2px;">La gobernanza de la migración y el desarrollo impulsada por las empresas: un reto para la sociedad civil</span></span><br /><span style="color: #808080;"><strong>Branka Likic-Brboric<br /></strong></span><span style="color: #333333;"><a style="color: #333333;" href="https://doi.org/10.35533/myd.2140.blb">https://doi.org/10.35533/myd.2140.blb</a></span><br /><a href="https://estudiosdeldesarrollo.mx/migracionydesarrollo/numero-40-resumen-blb/"><span style="color: #808080;"><span style="color: #0088c2;">Resumen</span></span></a><span style="color: #0088c2;"> | <a style="color: #0088c2;" href="https://estudiosdeldesarrollo.mx/migracionydesarrollo/numero-40-texto-completo-blb/">Texto <span style="color: #0088c2;">completo</span></a> | <a style="color: #0088c2;" href="https://estudiosdeldesarrollo.mx/migracionydesarrollo/wp-content/uploads/2024/01/40-2.pdf" target="_blank" rel="noopener">PDF</a></span></p>
<p><span style="color: #000000;"><span style="font-size: 19.2px;">Un contramovimiento del precariado: migración, trabajo y el enigma de los derechos humanos</span></span><br /><span style="color: #808080;"><strong>Carl Ulrik Schierup | Aleksandra Alund<br /></strong></span><span style="color: #333333;"><a style="color: #333333;" href="https://doi.org/10.35533/myd.2140.cus.aa">https://doi.org/10.35533/myd.2140.cus.aa</a></span><br /><a href="https://estudiosdeldesarrollo.mx/migracionydesarrollo/numero-40-resumen-cus/"><span style="color: #808080;"><span style="color: #0088c2;">Resumen</span></span></a><span style="color: #0088c2;"> | <a style="color: #0088c2;" href="https://estudiosdeldesarrollo.mx/migracionydesarrollo/numero-40-texto-completo-cus/">Texto <span style="color: #0088c2;">completo</span></a> | <a style="color: #0088c2;" href="https://estudiosdeldesarrollo.mx/migracionydesarrollo/wp-content/uploads/2024/01/40-3.pdf" target="_blank" rel="noopener">PDF</a></span></p>
<p><span style="color: #000000;"><span style="font-size: 19.2px;">Estereotipos de género en la movilidad humana: reflexiones y desafíos desde Argentina</span></span><br /><span style="color: #808080;"><strong>Maria Luz Espiro | Sabrina P. Vecchioni<br /></strong></span><span style="color: #333333;"><a style="color: #333333;" href="https://doi.org/10.35533/myd.2140.mle.spv">https://doi.org/10.35533/myd.2140.mle.spv</a></span><br /><a href="https://estudiosdeldesarrollo.mx/migracionydesarrollo/numero-40"><span style="color: #808080;"><span style="color: #0088c2;">Resumen</span></span></a><span style="color: #0088c2;"> | <a style="color: #0088c2;" href="https://estudiosdeldesarrollo.mx/migracionydesarrollo/numero-40-texto-completo-mle/">Texto <span style="color: #0088c2;">completo</span></a> | <a style="color: #0088c2;" href="https://estudiosdeldesarrollo.mx/migracionydesarrollo/wp-content/uploads/2024/01/40-4.pdf" target="_blank" rel="noopener">PDF</a></span></p>
<p class="p1" style="padding-left: 40px;">A pesar de la presencia continua de las mujeres en los procesos de movilidad, la agenda androcéntrica y paternalista basada en estereotipos de género sigue dominando la legislación sobre migración y refugio, en especial en el Sur global. Este texto examina críticamente las regulaciones a nivel internacional y nacional en Argentina, se enfoca en los tratamientos legales de la migración y el desplazamiento forzado y su impacto en la construcción del sujeto migrante frente al sujeto refugiado. Además, se basa en perspectivas decoloniales y feministas interseccionales y destaca el anacronismo creado por la legislación en la construcción de estereotipos de sufrimiento y desigualdad. La investigación triangula estadísticas oficiales sobre migración y refugiados en Argentina, junto con entrevistas a mujeres senegalesas. Los resultados muestran que la legislación argentina clasifica a las personas merecedoras de asilo según patrones de vulnerabilidad y sufrimiento, ignorando las especificidades y complejidades en la experiencia vivida por las mujeres migrantes, lo que para las mujeres senegalesas, en particular, supone la exclusión sistemática en el tratamiento de las solicitudes de asilo.</p>
<p><span style="color: #000000;"><span style="font-size: 19.2px;">La conformación de un mercado laboral regional en el sector de servicios, los jóvenes trabajadores en México y Estados Unidos</span></span><br /><span style="color: #808080;"><strong>Patricia Pozos Rivera<br /></strong></span><span style="color: #333333;"><a style="color: #333333;" href="https://doi.org/10.35533/myd.2140.ppr">https://doi.org/10.35533/myd.2140.ppr</a></span><br /><a href="https://estudiosdeldesarrollo.mx/migracionydesarrollo/numero-40-resumen-ppr/"><span style="color: #808080;"><span style="color: #0088c2;">Resumen</span></span></a><span style="color: #0088c2;"> | <a style="color: #0088c2;" href="https://estudiosdeldesarrollo.mx/migracionydesarrollo/numero-40-texto-completo-ppr/">Texto <span style="color: #0088c2;">completo</span></a> | <a style="color: #0088c2;" href="https://estudiosdeldesarrollo.mx/migracionydesarrollo/wp-content/uploads/2024/01/40-5.pdf" target="_blank" rel="noopener">PDF</a></span></p>
<h4 style="color: #028575;"><span style="color: #028575;"><b><big>Coyuntura y debate</big></b></span></h4>
<p><span style="font-size: 19.2px; color: #000000;">Marxismo y desarrollo: una breve genealogía</span><br /><span style="color: #808080;"><b>Ronaldo Munck<br /></b></span><span style="color: #333333;"><a style="color: #333333;" href="https://doi.org/10.35533/myd.2140.rm">https://doi.org/10.35533/myd.2140.rm</a></span><br /><a href="https://estudiosdeldesarrollo.mx/migracionydesarrollo/numero-40-resumen-rm/"><span style="color: #808080;"><span style="color: #0088c2;">Resumen</span></span></a><span style="color: #0088c2;"> | <a style="color: #0088c2;" href="https://estudiosdeldesarrollo.mx/migracionydesarrollo/numero-40-texto-completo-rm/">Texto <span style="color: #0088c2;">completo</span></a> | <a style="color: #0088c2;" href="https://estudiosdeldesarrollo.mx/migracionydesarrollo/wp-content/uploads/2024/01/40-6.pdf" target="_blank" rel="noopener">PDF</a></span></p>
<h4 style="color: #028575;"><a href="https://estudiosdeldesarrollo.mx/migracionydesarrollo/wp-content/uploads/2024/01/40-s.pdf" target="_blank" rel="noopener"><span style="color: #028575;"><b><big>Semblanzas</big></b></span></a></h4>
<h4 style="color: #730057;"><a style="font-size: 16px; background-color: #ffffff;" href="http://creativecommons.org/licenses/by-nc-nd/4.0/" rel="license"><img decoding="async" style="border-width: 0;" src="https://i.creativecommons.org/l/by-nc-nd/4.0/88x31.png" alt="Licencia de Creative Commons" /></a></h4>
</div>
</div>
<p><span style="color: #808080;">Este obra está bajo una <a style="color: #808080;" href="http://creativecommons.org/licenses/by-nc-nd/4.0/" rel="license">licencia de Creative Commons Reconocimiento-NoComercial-SinObraDerivada 4.0 Internacional</a>.</span></p>


<p></p>

<p>Migración y Desarrollo, volumen 21, número 40, primer semestre 2023, es una publicación semestral editada por la Universidad Autónoma de Zacatecas «Francisco García Salinas», a través de la Unidad Académica de Estudios del Desarrollo, Jardín Juárez 147, colonia Centro, Zacatecas,</p>
