{"id":1299,"date":"2020-09-04T01:02:17","date_gmt":"2020-09-04T01:02:17","guid":{"rendered":"https:\/\/estudiosdeldesarrollo.mx\/migracionydesarrollo\/?page_id=1299"},"modified":"2021-03-04T18:50:13","modified_gmt":"2021-03-04T18:50:13","slug":"proyectos","status":"publish","type":"page","link":"https:\/\/estudiosdeldesarrollo.mx\/migracionydesarrollo\/proyectos\/","title":{"rendered":"Proyectos de investigaci\u00f3n"},"content":{"rendered":"<p><img loading=\"lazy\" decoding=\"async\" class=\"size-medium wp-image-1333 aligncenter\" src=\"https:\/\/estudiosdeldesarrollo.mx\/migracionydesarrollo\/wp-content\/uploads\/2020\/09\/rdwisebyn-193x300.png\" alt=\"\" width=\"193\" height=\"300\" srcset=\"https:\/\/estudiosdeldesarrollo.mx\/migracionydesarrollo\/wp-content\/uploads\/2020\/09\/rdwisebyn-193x300.png 193w, https:\/\/estudiosdeldesarrollo.mx\/migracionydesarrollo\/wp-content\/uploads\/2020\/09\/rdwisebyn.png 300w\" sizes=\"auto, (max-width: 193px) 100vw, 193px\" \/><\/p>\n<div style=\"float: left; align: center;\"><a href=\"https:\/\/estudiosdeldesarrollo.mx\/migracionydesarrollo\/personal-2\"><img decoding=\"async\" class=\"alignnone wp-image-111 size-medium\" src=\"https:\/\/estudiosdeldesarrollo.mx\/migracionydesarrollo\/wp-content\/uploads\/2020\/08\/btnpersonal.jpg\" alt=\"\" \/><\/a>\n<p>\u00a0<\/p>\n<\/div>\n<div style=\"float: left; align: center;\"><a href=\"https:\/\/estudiosdeldesarrollo.mx\/migracionydesarrollo\/posicionesacademicas\"><img decoding=\"async\" class=\"alignnone wp-image-111 size-medium\" src=\"https:\/\/estudiosdeldesarrollo.mx\/migracionydesarrollo\/wp-content\/uploads\/2020\/08\/btnposicionesa.jpg\" alt=\"\" \/><\/a>\n<p>\u00a0<\/p>\n<\/div>\n<div style=\"float: left; align: center;\"><a href=\"https:\/\/estudiosdeldesarrollo.mx\/migracionydesarrollo\/posicioneshonorarias\"><img decoding=\"async\" class=\"alignnone wp-image-111 size-medium\" src=\"https:\/\/estudiosdeldesarrollo.mx\/migracionydesarrollo\/wp-content\/uploads\/2020\/08\/btnposicionesh.jpg\" alt=\"\" \/><\/a>\n<p>\u00a0<\/p>\n<\/div>\n<div style=\"float: left; align: center;\"><a href=\"https:\/\/estudiosdeldesarrollo.mx\/migracionydesarrollo\/formacion-2\"><img decoding=\"async\" class=\"alignnone wp-image-111 size-medium\" src=\"https:\/\/estudiosdeldesarrollo.mx\/migracionydesarrollo\/wp-content\/uploads\/2020\/08\/btnformacion.jpg\" alt=\"\" \/><\/a>\n<p>\u00a0<\/p>\n<\/div>\n<div style=\"float: left; align: center;\"><a href=\"https:\/\/estudiosdeldesarrollo.mx\/migracionydesarrollo\/distinciones\"><img decoding=\"async\" class=\"alignnone wp-image-111 size-medium\" src=\"https:\/\/estudiosdeldesarrollo.mx\/migracionydesarrollo\/wp-content\/uploads\/2020\/08\/btndistinciones.jpg\" alt=\"\" \/><\/a>\n<p>\u00a0<\/p>\n<\/div>\n<div style=\"float: left; align: center;\"><a href=\"https:\/\/estudiosdeldesarrollo.mx\/migracionydesarrollo\/sni\"><img decoding=\"async\" class=\"alignnone wp-image-111 size-medium\" src=\"https:\/\/estudiosdeldesarrollo.mx\/migracionydesarrollo\/wp-content\/uploads\/2020\/08\/btnsni.jpg\" alt=\"\" \/><\/a>\n<p>\u00a0<\/p>\n<\/div>\n<div style=\"float: left; align: center;\"><a href=\"https:\/\/estudiosdeldesarrollo.mx\/migracionydesarrollo\/tesis\"><img decoding=\"async\" class=\"alignnone wp-image-111 size-medium\" src=\"https:\/\/estudiosdeldesarrollo.mx\/migracionydesarrollo\/wp-content\/uploads\/2020\/08\/btntesis.jpg\" alt=\"\" \/><\/a>\n<p>\u00a0<\/p>\n<\/div>\n<div style=\"float: left; align: center;\"><a href=\"https:\/\/estudiosdeldesarrollo.mx\/migracionydesarrollo\/publicaciones\"><img decoding=\"async\" class=\"alignnone wp-image-111 size-medium\" src=\"https:\/\/estudiosdeldesarrollo.mx\/migracionydesarrollo\/wp-content\/uploads\/2020\/08\/btnpublicaciones.jpg\" alt=\"\" \/><\/a>\n<p>\u00a0<\/p>\n<\/div>\n<div style=\"float: left; align: center;\"><a href=\"https:\/\/estudiosdeldesarrollo.mx\/migracionydesarrollo\/proyectos\"><img decoding=\"async\" class=\"alignnone wp-image-111 size-medium\" src=\"https:\/\/estudiosdeldesarrollo.mx\/migracionydesarrollo\/wp-content\/uploads\/2020\/08\/btnproyectos2.jpg\" alt=\"\" \/><\/a>\n<p>\u00a0<\/p>\n<\/div>\n<div style=\"float: left; align: center;\"><a href=\"https:\/\/estudiosdeldesarrollo.mx\/migracionydesarrollo\/presentaciones\"><img decoding=\"async\" class=\"alignnone wp-image-111 size-medium\" src=\"https:\/\/estudiosdeldesarrollo.mx\/migracionydesarrollo\/wp-content\/uploads\/2020\/08\/btnpresentaciones.jpg\" alt=\"\" \/><\/a>\n<p>\u00a0<\/p>\n<\/div>\n<div style=\"float: left; align: center;\"><a href=\"https:\/\/estudiosdeldesarrollo.mx\/migracionydesarrollo\/estancias\"><img decoding=\"async\" class=\"alignnone wp-image-111 size-medium\" src=\"https:\/\/estudiosdeldesarrollo.mx\/migracionydesarrollo\/wp-content\/uploads\/2020\/08\/btnestancias.jpg\" alt=\"\" \/><\/a>\n<p>\u00a0<\/p>\n<\/div>\n<div style=\"float: left; align: center;\"><a href=\"https:\/\/estudiosdeldesarrollo.mx\/migracionydesarrollo\/otros\"><img decoding=\"async\" class=\"alignnone wp-image-111 size-medium\" src=\"https:\/\/estudiosdeldesarrollo.mx\/migracionydesarrollo\/wp-content\/uploads\/2020\/08\/btnotros.jpg\" alt=\"\" \/><\/a>\n<p>\u00a0<\/p>\n<\/div>\n<div style=\"float: left; align: center;\"><a href=\"https:\/\/estudiosdeldesarrollo.mx\/migracionydesarrollo\/becas\"><img decoding=\"async\" class=\"alignnone wp-image-111 size-medium\" src=\"https:\/\/estudiosdeldesarrollo.mx\/migracionydesarrollo\/wp-content\/uploads\/2020\/08\/btnbecas.jpg\" alt=\"\" \/><\/a>\n<p>\u00a0<\/p>\n<\/div>\n<div style=\"float: left; padding: 5px; align: center;\">\n<h5>Proyectos de investigaci\u00f3n financiados<\/h5>\n<p>1. \u00abDiagn\u00f3stico agropecuario y forestal de los estados de Guerrero, Oaxaca, Chiapas, Tabasco, Campeche, Yucat\u00e1n y Quintana Roo\u00bb, Informe final de investigaci\u00f3n, Fundaci\u00f3n Javier Barros Sierra, A.C., M\u00e9xico, 1978, 27 vol\u00famenes (director del proyecto).<\/p>\n<p>2. \u00abRecursos naturales, producci\u00f3n primaria y acumulaci\u00f3n en M\u00e9xico\u00bb, Informe final de investigaci\u00f3n, Fundaci\u00f3n Javier Barros Sierra, A.C.\u00a0 M\u00e9xico, 1980, 390 pp. (director del proyecto).<\/p>\n<p>3. \u00abPetrolizaci\u00f3n, regi\u00f3n y producci\u00f3n agropecuaria\u00bb, Informe final de investigaci\u00f3n, Fundaci\u00f3n Javier Barros, A.C., M\u00e9xico, 1982 (director del proyecto).<\/p>\n<p>4. \u00abCaracterizaci\u00f3n y balance del fen\u00f3meno migratorio contempor\u00e1neo en Zacatecas\u00bb, Informe final de investigaci\u00f3n, Maestr\u00eda en Ciencia Pol\u00edtica\/Secretar\u00eda de Educaci\u00f3n P\u00fablica, Zacatecas, 1992, 2 vol\u00famenes de 160 y 144 pp. (director del proyecto).<\/p>\n<p>5. \u00abMigraci\u00f3n internacional, remesas y crecimiento econ\u00f3mico regional en Zacatecas\u00bb, Universidad Aut\u00f3noma de Zacatecas\/Gobierno del estado de Zacatecas, 1998, 133 pp.<\/p>\n<p>6. \u00abSituaci\u00f3n actual y perspectivas de los microproyectos productivos en Zacatecas\u00bb, ONG Albergue del Desierto, 1999, 52 pp. (director del proyecto).<\/p>\n<p>7. \u00abZacatecas. Plan Estatal de Desarrollo 1999-2004\u00bb, Gobierno del estado de Zacatecas, 187 pp. (codirector del proyecto: H\u00e9ctor Rodr\u00edguez).<\/p>\n<p>8. \u00abEvaluaci\u00f3n de proyectos productivos con participaci\u00f3n de migrantes\u00bb, SAGAR, 128 pp.<\/p>\n<p>9. \u00abPol\u00edticas p\u00fablicas para la inversi\u00f3n productiva de los migrantes\u00bb, Secretar\u00eda de Relaciones Exteriores\/Consejo Nacional de Poblaci\u00f3n.<\/p>\n<p>10. \u00abEstudios estatales de la Encuesta Nacional de la Juventud: El caso de Zacatecas\u00bb, Centro de Investigaci\u00f3n y Estudios sobre Juventud.<\/p>\n<p>11. \u00abInterregionale Unterschiede wirtschaftlicher Auswirkungen illegaler Abwanderung von Arbeitskr\u00e4ften. Dargestellt am Beispiel Mexikos\u00bb, financiado por Deutsche Forschungsgemeinschaft.<\/p>\n<p>12. \u00abFortalecimiento institucional del cuerpo acad\u00e9mico interdisciplinario sobre migraci\u00f3n y desarrollo de la Universidad Aut\u00f3noma de Zacatecas\u00bb, financiado por Hewlett Foundation.<\/p>\n<p>13. \u00abProyecto para la creaci\u00f3n de la Red Internacional de Migraci\u00f3n y Desarrollo\u00bb, financiado por Ford Foundation.<\/p>\n<p>14. \u00abPoblaci\u00f3n y estrategias de desarrollo. Modelo sistema de informaci\u00f3n en el estado de San Luis Potos\u00ed\u00bb, financiado por el Consejo Estatal de Poblaci\u00f3n-San Luis Potos\u00ed y el Fondo de Poblaci\u00f3n de las Naciones Unidas (UNFPA).<\/p>\n<p>15. \u00abDoble cara de la migraci\u00f3n. Estancamiento y desarrollo en Zacatecas\u00bb, financiado por Fondos Mixtos Conacyt\/Gobierno del estado de Zacatecas.<\/p>\n<p>16. \u00abPlan Estatal de Desarrollo 2005-2010\u00bb, financiado por el Gobierno del estado de Zacatecas (coordinator t\u00e9cnico).<\/p>\n<p>17. \u00abFortalecimiento y consolidaci\u00f3n de la Red Internacional de Migraci\u00f3n y Desarrollo\u00bb, octubre 2004-septiembre 2006, financiado por Ford Foundation.<\/p>\n<p>18. \u00abPlaneaci\u00f3n estrat\u00e9gica, consolidaci\u00f3n institucional y promoci\u00f3n de actividades de formaci\u00f3n, vinculaci\u00f3n e investigaci\u00f3n de la Red Internacional de Migraci\u00f3n y Desarrollo\u00bb, septiembre 2006-2007, financiado por Ford Foundation.<\/p>\n<p>19. \u00abSupport for the Research program on M\u00e9xico-United States transnational communities\u00bb, septiembre 2004-diciembre 2006, financiado por Rockefeller Foundation.<\/p>\n<p>20. \u00abState policies for migration and development: a view from countries of origin\u00bb<em>,<\/em> julio 2006-agosto 2007, financiado por Rockefeller Foundation (en colaboraci\u00f3n con Stephen Castles de la Universidad de Oxford).\u00a0<\/p>\n<p>21. \u00abCritical dimensions of M\u00e9xico-Central America-US-Canada migration: The migration-development nexus and public policies\u00bb, septiembre 2006-septiembre 2009, financiado por MacArthur Foundation.<\/p>\n<p>22. \u00abStrategic planning, institutional consolidation, and promotion of the Red Internacional de Migraci\u00f3n y Desarrollo\u2019s training, coordination and research activities\u00bb, julio 2007-septiembre 2008, financiado por Ford Foundation.<\/p>\n<p>23. \u00abGlobal crisis and the links with migration and development: Consolidation, expansion and decentralization of the INMD\u00bb, noviembre 2009-noviembre 2011, financiado por MacArthur Foundation.<\/p>\n<p>24. \u00abDesarrollo humano sustentable, derechos humanos y seguridad humana en los municipios de Zacatecas, Guadalupe, Fresnillo y Jerez\u00bb, septiembre 2011-mayo 2012, financiado por Distribuci\u00f3n del Subsidio para la Seguridad P\u00fablica Municipal (Subsemun).<\/p>\n<p>25. \u00abMigration, development and human rights: civil society and academia in partnership to improve public policies in a context of global crisis\u00bb, noviembre 2011-noviembre 2013, financiado por MacArthur Foundation.<\/p>\n<p>26. \u00abLa migraci\u00f3n mexicana altamente calificada: elementos para una pol\u00edtica nacional de ciencia y tecnolog\u00eda\u00bb, noviembre 2013-diciembre 2015, una iniciativa del grupo UNESCO-MOST M\u00e9xico, financiado por el Conacyt.<\/p>\n<p>27. \u00abImproving migration and development partnerships and action with civil society\u00bb, enero 2014-octubre 2016, financiado por la Uni\u00f3n Europea y administrado por la International Catholic Migration Commission (ICMC).<\/p>\n<p>28. \u00abMigration and development. What space for civil society in global governance?\u00bb, enero 2014-agosto 2017, financiado por el The Swedish Research Council.<\/p>\n<\/div>\n\n\n<p><\/p>\n","protected":false},"excerpt":{"rendered":"<p>\u00a0 \u00a0 \u00a0 \u00a0 \u00a0 \u00a0 \u00a0 \u00a0 \u00a0 \u00a0 \u00a0 \u00a0 \u00a0 Proyectos de investigaci\u00f3n financiados 1. \u00abDiagn\u00f3stico agropecuario y forestal de los estados de Guerrero, Oaxaca, Chiapas, Tabasco, Campeche, Yucat\u00e1n y Quintana Roo\u00bb, Informe final de investigaci\u00f3n, Fundaci\u00f3n<\/p>\n","protected":false},"author":2,"featured_media":0,"parent":0,"menu_order":0,"comment_status":"closed","ping_status":"closed","template":"","meta":{"footnotes":""},"class_list":["post-1299","page","type-page","status-publish","hentry"],"_links":{"self":[{"href":"https:\/\/estudiosdeldesarrollo.mx\/migracionydesarrollo\/wp-json\/wp\/v2\/pages\/1299","targetHints":{"allow":["GET"]}}],"collection":[{"href":"https:\/\/estudiosdeldesarrollo.mx\/migracionydesarrollo\/wp-json\/wp\/v2\/pages"}],"about":[{"href":"https:\/\/estudiosdeldesarrollo.mx\/migracionydesarrollo\/wp-json\/wp\/v2\/types\/page"}],"author":[{"embeddable":true,"href":"https:\/\/estudiosdeldesarrollo.mx\/migracionydesarrollo\/wp-json\/wp\/v2\/users\/2"}],"replies":[{"embeddable":true,"href":"https:\/\/estudiosdeldesarrollo.mx\/migracionydesarrollo\/wp-json\/wp\/v2\/comments?post=1299"}],"version-history":[{"count":6,"href":"https:\/\/estudiosdeldesarrollo.mx\/migracionydesarrollo\/wp-json\/wp\/v2\/pages\/1299\/revisions"}],"predecessor-version":[{"id":1429,"href":"https:\/\/estudiosdeldesarrollo.mx\/migracionydesarrollo\/wp-json\/wp\/v2\/pages\/1299\/revisions\/1429"}],"wp:attachment":[{"href":"https:\/\/estudiosdeldesarrollo.mx\/migracionydesarrollo\/wp-json\/wp\/v2\/media?parent=1299"}],"curies":[{"name":"wp","href":"https:\/\/api.w.org\/{rel}","templated":true}]}}