{"id":1230,"date":"2020-08-27T22:06:09","date_gmt":"2020-08-27T22:06:09","guid":{"rendered":"https:\/\/estudiosdeldesarrollo.mx\/migracionydesarrollo\/?page_id=1230"},"modified":"2020-10-13T19:00:06","modified_gmt":"2020-10-13T19:00:06","slug":"posicioneshonorarias","status":"publish","type":"page","link":"https:\/\/estudiosdeldesarrollo.mx\/migracionydesarrollo\/posicioneshonorarias\/","title":{"rendered":"Posiciones honorarias"},"content":{"rendered":"<div><img loading=\"lazy\" decoding=\"async\" class=\"size-medium wp-image-1333 aligncenter\" src=\"https:\/\/estudiosdeldesarrollo.mx\/migracionydesarrollo\/wp-content\/uploads\/2020\/09\/rdwisebyn-193x300.png\" alt=\"\" width=\"193\" height=\"300\" srcset=\"https:\/\/estudiosdeldesarrollo.mx\/migracionydesarrollo\/wp-content\/uploads\/2020\/09\/rdwisebyn-193x300.png 193w, https:\/\/estudiosdeldesarrollo.mx\/migracionydesarrollo\/wp-content\/uploads\/2020\/09\/rdwisebyn.png 300w\" sizes=\"auto, (max-width: 193px) 100vw, 193px\" \/>\n<p>\u00a0<\/p>\n<div style=\"float: left; align: center;\"><a href=\"https:\/\/estudiosdeldesarrollo.mx\/migracionydesarrollo\/personal-2\"><img decoding=\"async\" class=\"alignnone wp-image-111 size-medium\" src=\"https:\/\/estudiosdeldesarrollo.mx\/migracionydesarrollo\/wp-content\/uploads\/2020\/08\/btnpersonal.jpg\" alt=\"\" \/><\/a>\n<p>\u00a0<\/p>\n<\/div>\n<div style=\"float: left; align: center;\"><a href=\"https:\/\/estudiosdeldesarrollo.mx\/migracionydesarrollo\/posicionesacademicas\"><img decoding=\"async\" class=\"alignnone wp-image-111 size-medium\" src=\"https:\/\/estudiosdeldesarrollo.mx\/migracionydesarrollo\/wp-content\/uploads\/2020\/08\/btnposicionesa.jpg\" alt=\"\" \/><\/a>\n<p>\u00a0<\/p>\n<\/div>\n<div style=\"float: left; align: center;\"><a href=\"https:\/\/estudiosdeldesarrollo.mx\/migracionydesarrollo\/posicioneshonorarias\"><img decoding=\"async\" class=\"alignnone wp-image-111 size-medium\" src=\"https:\/\/estudiosdeldesarrollo.mx\/migracionydesarrollo\/wp-content\/uploads\/2020\/08\/btnposicionesh2.jpg\" alt=\"\" \/><\/a>\n<p>\u00a0<\/p>\n<\/div>\n<div style=\"float: left; align: center;\"><a href=\"https:\/\/estudiosdeldesarrollo.mx\/migracionydesarrollo\/formacion-2\"><img decoding=\"async\" class=\"alignnone wp-image-111 size-medium\" src=\"https:\/\/estudiosdeldesarrollo.mx\/migracionydesarrollo\/wp-content\/uploads\/2020\/08\/btnformacion.jpg\" alt=\"\" \/><\/a>\n<p>\u00a0<\/p>\n<\/div>\n<div style=\"float: left; align: center;\"><a href=\"https:\/\/estudiosdeldesarrollo.mx\/migracionydesarrollo\/distinciones\"><img decoding=\"async\" class=\"alignnone wp-image-111 size-medium\" src=\"https:\/\/estudiosdeldesarrollo.mx\/migracionydesarrollo\/wp-content\/uploads\/2020\/08\/btndistinciones.jpg\" alt=\"\" \/><\/a>\n<p>\u00a0<\/p>\n<\/div>\n<div style=\"float: left; align: center;\"><a href=\"https:\/\/estudiosdeldesarrollo.mx\/migracionydesarrollo\/sni\"><img decoding=\"async\" class=\"alignnone wp-image-111 size-medium\" src=\"https:\/\/estudiosdeldesarrollo.mx\/migracionydesarrollo\/wp-content\/uploads\/2020\/08\/btnsni.jpg\" alt=\"\" \/><\/a>\n<p>\u00a0<\/p>\n<\/div>\n<div style=\"float: left; align: center;\"><a href=\"https:\/\/estudiosdeldesarrollo.mx\/migracionydesarrollo\/tesis\"><img decoding=\"async\" class=\"alignnone wp-image-111 size-medium\" src=\"https:\/\/estudiosdeldesarrollo.mx\/migracionydesarrollo\/wp-content\/uploads\/2020\/08\/btntesis.jpg\" alt=\"\" \/><\/a>\n<p>\u00a0<\/p>\n<\/div>\n<div style=\"float: left; align: center;\"><a href=\"https:\/\/estudiosdeldesarrollo.mx\/migracionydesarrollo\/publicaciones\"><img decoding=\"async\" class=\"alignnone wp-image-111 size-medium\" src=\"https:\/\/estudiosdeldesarrollo.mx\/migracionydesarrollo\/wp-content\/uploads\/2020\/08\/btnpublicaciones.jpg\" alt=\"\" \/><\/a>\n<p>\u00a0<\/p>\n<\/div>\n<div style=\"float: left; align: center;\"><a href=\"https:\/\/estudiosdeldesarrollo.mx\/migracionydesarrollo\/proyectos\"><img decoding=\"async\" class=\"alignnone wp-image-111 size-medium\" src=\"https:\/\/estudiosdeldesarrollo.mx\/migracionydesarrollo\/wp-content\/uploads\/2020\/08\/btnproyectos.jpg\" alt=\"\" \/><\/a>\n<p>\u00a0<\/p>\n<\/div>\n<div style=\"float: left; align: center;\"><a href=\"https:\/\/estudiosdeldesarrollo.mx\/migracionydesarrollo\/presentaciones\"><img decoding=\"async\" class=\"alignnone wp-image-111 size-medium\" src=\"https:\/\/estudiosdeldesarrollo.mx\/migracionydesarrollo\/wp-content\/uploads\/2020\/08\/btnpresentaciones.jpg\" alt=\"\" \/><\/a>\n<p>\u00a0<\/p>\n<\/div>\n<div style=\"float: left; align: center;\"><a href=\"https:\/\/estudiosdeldesarrollo.mx\/migracionydesarrollo\/estancias\"><img decoding=\"async\" class=\"alignnone wp-image-111 size-medium\" src=\"https:\/\/estudiosdeldesarrollo.mx\/migracionydesarrollo\/wp-content\/uploads\/2020\/08\/btnestancias.jpg\" alt=\"\" \/><\/a>\n<p>\u00a0<\/p>\n<\/div>\n<div style=\"float: left; align: center;\"><a href=\"https:\/\/estudiosdeldesarrollo.mx\/migracionydesarrollo\/otros\"><img decoding=\"async\" class=\"alignnone wp-image-111 size-medium\" src=\"https:\/\/estudiosdeldesarrollo.mx\/migracionydesarrollo\/wp-content\/uploads\/2020\/08\/btnotros.jpg\" alt=\"\" \/><\/a>\n<p>\u00a0<\/p>\n<\/div>\n<div style=\"float: left; align: center;\"><a href=\"https:\/\/estudiosdeldesarrollo.mx\/migracionydesarrollo\/becas\"><img decoding=\"async\" class=\"alignnone wp-image-111 size-medium\" src=\"https:\/\/estudiosdeldesarrollo.mx\/migracionydesarrollo\/wp-content\/uploads\/2020\/08\/btnbecas.jpg\" alt=\"\" \/><\/a>\n<p>\u00a0<\/p>\n<\/div>\n<div style=\"float: left; padding: 5px; align: center;\">1. Coordinador de la C\u00e1tedra UNESCO Migraci\u00f3n, Desarrollo y Derechos Humanos (enero 2012-presente)\n<p>\u00a0<\/p>\n<p>2. Miembro del Consejo Consultivo UNESCO-MOST M\u00e9xico (mayo 2012-presente)<\/p>\n<p>3. Fundador y presidente de la Red Internacional de Migraci\u00f3n y Desarrollo (septiembre 2002-presente)<\/p>\n<p>4. Profesor invitado distinguido en Estudios de Desarrollo International de la Universidad Saint Mary\u2019s<\/p>\n<p>5. Profesor adjunto del Programa de Estudios Latinoamericanos, Universidad Simon Frasier<\/p>\n<p>6. Profesor asociado en el Master Oficial en Migraciones Internacionales, Universidad del Pa\u00eds Vasco<\/p>\n<p>7. Profesor asociado en el Master Oficial en Migraciones Internacionales, Universidad de Valencia<\/p>\n<p>8. Miembro de los consejos editoriales de las siguientes revistas<\/p>\n<ul>\n<li><em>Journal of International Migration and Integration<\/em> (Metropolis, Canad\u00e1)<\/li>\n<li><em>Revista Interdisciplinar da Mobilidade Humana<\/em> (Brasil)<\/li>\n<li><em>Latin American Perspectives<\/em> (Estados Unidos)<\/li>\n<li><em>Ameriquest<\/em> (Estados Unidos)<\/li>\n<li><em>Oikos<\/em> (Chile)<\/li>\n<li><em>Theomai. Estudios sobre Sociedad, Naturaleza y Desarrollo<\/em> (Argentina)<\/li>\n<li><em>Quehacer Cient\u00edfico<\/em> (M\u00e9xico)<\/li>\n<li><em>Estudios Cr\u00edticos del Desarrollo<\/em> (M\u00e9xico)<\/li>\n<li><em>Observatorio del Desarrollo<\/em> (M\u00e9xico)<\/li>\n<li><em>African Human Mobility Review<\/em> (Sud\u00e1frica)<\/li>\n<li><em>El Trimestre Econ\u00f3mico<\/em> (M\u00e9xico)<\/li>\n<\/ul>\n<p>9. Director de la revista <em>Migraci\u00f3n y Desarrollo<\/em><\/p>\n<p>10. Director de las colecciones \u00abAm\u00e9rica Latina y el Nuevo Orden Mundial\u00bb, \u00abDesarrollo y Migraci\u00f3n\u00bb y \u00abEstudios Cr\u00edticos del Desarrollo\u00bb de Miguel \u00c1ngel Porr\u00faa (con m\u00e1s de 80 t\u00edtulos publicados)<\/p>\n<p>11. Miembro del International Committee on Migration and Development Research, Social Science Research Council, Estados Unidos, 2006<\/p>\n<p>12. Miembro del Directive Board de African Migrations Network, Internacional Migration Institute, Oxford University, Inglaterra<\/p>\n<p>13. Miembro del International Advisory Comittee del Global Forum on Migration and Development, Manila, 2008<\/p>\n<p>14. Fundador y codirector de la Critical Development Studies Network<\/p>\n<p>15. Presidente del Consejo Directivo del Instituto Estatal de Migraci\u00f3n, Zacatecas, 2008-2011<\/p>\n<p>16. Miembro del International Advisory Committee del Institute for Research on Migration, Ethnicity and Society, Link\u00f6ping University, Suecia, 2011-presente<\/p>\n<p>17. Miembro del International Advisory Committee de Initiatives in Critical Agrarian Studies, Saint Mary\u2019s University, Canad\u00e1<\/p>\n<p>18. Miembro de la International Editorial Advisory Committee de la\u00a0 serie \u00abLittle books on big ideas\u00bb en Agrarian Change, Fernwood Books y Kumarian Press<\/p>\n<p>19. Miembro del comit\u00e9 cient\u00edfico de <em>Handbook of Research Methods in <\/em><em>Migration<\/em>, Edward Elgar Publishing, Inc., Reino Unido<\/p>\n<p>20. Miembro del Consejo Editorial Encyclopedia of Global Human Migration, Wiley publishers<\/p>\n<p>21. Miembro del International Working Group People\u2019s Global Action on Migration, Development and Human Rights<\/p>\n<p>22. Miembro del Comit\u00e9 Internacional en los IV, V, VI, VII y VIII Foro Social Mundial de las Migraciones<\/p>\n<p>23. Miembro del Core Group Civil Society Days, Global Forum on Migration and Development<\/p>\n<p>24. Miembro del Advisory Board Global Migration Policy Associates<\/p>\n<p>25. Miembro del Advisory Board Book series &#8216;Mobility and Politics&#8217;, Palgrave Macmillan<\/p>\n<p>26. Presidente honorario de la Fundaci\u00f3n \u00abPasos que vuelven\u00bb, 2017-presente<\/p>\n<p>27. Miembro de la Asociaci\u00f3n \u00abLleg\u00f3 la hora del florecimiento de los pueblos\u00bb<\/p>\n<p>28. Integrante del Global Migration Group Foundation for European Progressive Studies<\/p>\n<p>29. Coeditor de la colecci\u00f3n \u00abCritical Development Studies\u00bb, Fernwood Publishing, Canad\u00e1<\/p>\n<\/div>\n<\/div>\n\n\n<p><\/p>\n","protected":false},"excerpt":{"rendered":"<p>\u00a0 \u00a0 \u00a0 \u00a0 \u00a0 \u00a0 \u00a0 \u00a0 \u00a0 \u00a0 \u00a0 \u00a0 \u00a0 \u00a0 1. Coordinador de la C\u00e1tedra UNESCO Migraci\u00f3n, Desarrollo y Derechos Humanos (enero 2012-presente) \u00a0 2. Miembro del Consejo Consultivo UNESCO-MOST M\u00e9xico (mayo 2012-presente) 3. Fundador y<\/p>\n","protected":false},"author":2,"featured_media":0,"parent":0,"menu_order":0,"comment_status":"closed","ping_status":"closed","template":"","meta":{"footnotes":""},"class_list":["post-1230","page","type-page","status-publish","hentry"],"_links":{"self":[{"href":"https:\/\/estudiosdeldesarrollo.mx\/migracionydesarrollo\/wp-json\/wp\/v2\/pages\/1230","targetHints":{"allow":["GET"]}}],"collection":[{"href":"https:\/\/estudiosdeldesarrollo.mx\/migracionydesarrollo\/wp-json\/wp\/v2\/pages"}],"about":[{"href":"https:\/\/estudiosdeldesarrollo.mx\/migracionydesarrollo\/wp-json\/wp\/v2\/types\/page"}],"author":[{"embeddable":true,"href":"https:\/\/estudiosdeldesarrollo.mx\/migracionydesarrollo\/wp-json\/wp\/v2\/users\/2"}],"replies":[{"embeddable":true,"href":"https:\/\/estudiosdeldesarrollo.mx\/migracionydesarrollo\/wp-json\/wp\/v2\/comments?post=1230"}],"version-history":[{"count":7,"href":"https:\/\/estudiosdeldesarrollo.mx\/migracionydesarrollo\/wp-json\/wp\/v2\/pages\/1230\/revisions"}],"predecessor-version":[{"id":1367,"href":"https:\/\/estudiosdeldesarrollo.mx\/migracionydesarrollo\/wp-json\/wp\/v2\/pages\/1230\/revisions\/1367"}],"wp:attachment":[{"href":"https:\/\/estudiosdeldesarrollo.mx\/migracionydesarrollo\/wp-json\/wp\/v2\/media?parent=1230"}],"curies":[{"name":"wp","href":"https:\/\/api.w.org\/{rel}","templated":true}]}}