{"id":1220,"date":"2020-08-27T21:37:05","date_gmt":"2020-08-27T21:37:05","guid":{"rendered":"https:\/\/estudiosdeldesarrollo.mx\/migracionydesarrollo\/?page_id=1220"},"modified":"2021-04-15T17:52:23","modified_gmt":"2021-04-15T17:52:23","slug":"posicionesacademicas","status":"publish","type":"page","link":"https:\/\/estudiosdeldesarrollo.mx\/migracionydesarrollo\/posicionesacademicas\/","title":{"rendered":"Posiciones acad\u00e9micas"},"content":{"rendered":"<p><img loading=\"lazy\" decoding=\"async\" class=\"size-medium wp-image-1333 aligncenter\" src=\"https:\/\/estudiosdeldesarrollo.mx\/migracionydesarrollo\/wp-content\/uploads\/2020\/09\/rdwisebyn-193x300.png\" alt=\"\" width=\"193\" height=\"300\" srcset=\"https:\/\/estudiosdeldesarrollo.mx\/migracionydesarrollo\/wp-content\/uploads\/2020\/09\/rdwisebyn-193x300.png 193w, https:\/\/estudiosdeldesarrollo.mx\/migracionydesarrollo\/wp-content\/uploads\/2020\/09\/rdwisebyn.png 300w\" sizes=\"auto, (max-width: 193px) 100vw, 193px\" \/><\/p>\n<p>\u00a0<\/p>\n<div style=\"float: left; align: center;\"><a href=\"https:\/\/estudiosdeldesarrollo.mx\/migracionydesarrollo\/personal-2\"><img decoding=\"async\" class=\"alignnone wp-image-111 size-medium\" src=\"https:\/\/estudiosdeldesarrollo.mx\/migracionydesarrollo\/wp-content\/uploads\/2020\/08\/btnpersonal.jpg\" alt=\"\" \/><\/a>\n<p>\u00a0<\/p>\n<\/div>\n<div style=\"float: left; align: center;\"><a href=\"https:\/\/estudiosdeldesarrollo.mx\/migracionydesarrollo\/posicionesacademicas\"><img decoding=\"async\" class=\"alignnone wp-image-111 size-medium\" src=\"https:\/\/estudiosdeldesarrollo.mx\/migracionydesarrollo\/wp-content\/uploads\/2020\/08\/btnposicionesa2.jpg\" alt=\"\" \/><\/a>\n<p>\u00a0<\/p>\n<\/div>\n<div style=\"float: left; align: center;\"><a href=\"https:\/\/estudiosdeldesarrollo.mx\/migracionydesarrollo\/posicioneshonorarias\"><img decoding=\"async\" class=\"alignnone wp-image-111 size-medium\" src=\"https:\/\/estudiosdeldesarrollo.mx\/migracionydesarrollo\/wp-content\/uploads\/2020\/08\/btnposicionesh.jpg\" alt=\"\" \/><\/a>\n<p>\u00a0<\/p>\n<\/div>\n<div style=\"float: left; align: center;\"><a href=\"https:\/\/estudiosdeldesarrollo.mx\/migracionydesarrollo\/formacion-2\"><img decoding=\"async\" class=\"alignnone wp-image-111 size-medium\" src=\"https:\/\/estudiosdeldesarrollo.mx\/migracionydesarrollo\/wp-content\/uploads\/2020\/08\/btnformacion.jpg\" alt=\"\" \/><\/a>\n<p>\u00a0<\/p>\n<\/div>\n<div style=\"float: left; align: center;\"><a href=\"https:\/\/estudiosdeldesarrollo.mx\/migracionydesarrollo\/distinciones\"><img decoding=\"async\" class=\"alignnone wp-image-111 size-medium\" src=\"https:\/\/estudiosdeldesarrollo.mx\/migracionydesarrollo\/wp-content\/uploads\/2020\/08\/btndistinciones.jpg\" alt=\"\" \/><\/a>\n<p>\u00a0<\/p>\n<\/div>\n<div style=\"float: left; align: center;\"><a href=\"https:\/\/estudiosdeldesarrollo.mx\/migracionydesarrollo\/sni\"><img decoding=\"async\" class=\"alignnone wp-image-111 size-medium\" src=\"https:\/\/estudiosdeldesarrollo.mx\/migracionydesarrollo\/wp-content\/uploads\/2020\/08\/btnsni.jpg\" alt=\"\" \/><\/a>\n<p>\u00a0<\/p>\n<\/div>\n<div style=\"float: left; align: center;\"><a href=\"https:\/\/estudiosdeldesarrollo.mx\/migracionydesarrollo\/tesis\"><img decoding=\"async\" class=\"alignnone wp-image-111 size-medium\" src=\"https:\/\/estudiosdeldesarrollo.mx\/migracionydesarrollo\/wp-content\/uploads\/2020\/08\/btntesis.jpg\" alt=\"\" \/><\/a>\n<p>\u00a0<\/p>\n<\/div>\n<div style=\"float: left; align: center;\"><a href=\"https:\/\/estudiosdeldesarrollo.mx\/migracionydesarrollo\/publicaciones\"><img decoding=\"async\" class=\"alignnone wp-image-111 size-medium\" src=\"https:\/\/estudiosdeldesarrollo.mx\/migracionydesarrollo\/wp-content\/uploads\/2020\/08\/btnpublicaciones.jpg\" alt=\"\" \/><\/a>\n<p>\u00a0<\/p>\n<\/div>\n<div style=\"float: left; align: center;\"><a href=\"https:\/\/estudiosdeldesarrollo.mx\/migracionydesarrollo\/proyectos\"><img decoding=\"async\" class=\"alignnone wp-image-111 size-medium\" src=\"https:\/\/estudiosdeldesarrollo.mx\/migracionydesarrollo\/wp-content\/uploads\/2020\/08\/btnproyectos.jpg\" alt=\"\" \/><\/a>\n<p>\u00a0<\/p>\n<\/div>\n<div style=\"float: left; align: center;\"><a href=\"https:\/\/estudiosdeldesarrollo.mx\/migracionydesarrollo\/presentaciones\"><img decoding=\"async\" class=\"alignnone wp-image-111 size-medium\" src=\"https:\/\/estudiosdeldesarrollo.mx\/migracionydesarrollo\/wp-content\/uploads\/2020\/08\/btnpresentaciones.jpg\" alt=\"\" \/><\/a>\n<p>\u00a0<\/p>\n<\/div>\n<div style=\"float: left; align: center;\"><a href=\"https:\/\/estudiosdeldesarrollo.mx\/migracionydesarrollo\/estancias\"><img decoding=\"async\" class=\"alignnone wp-image-111 size-medium\" src=\"https:\/\/estudiosdeldesarrollo.mx\/migracionydesarrollo\/wp-content\/uploads\/2020\/08\/btnestancias.jpg\" alt=\"\" \/><\/a>\n<p>\u00a0<\/p>\n<\/div>\n<div style=\"float: left; align: center;\"><a href=\"https:\/\/estudiosdeldesarrollo.mx\/migracionydesarrollo\/otros\"><img decoding=\"async\" class=\"alignnone wp-image-111 size-medium\" src=\"https:\/\/estudiosdeldesarrollo.mx\/migracionydesarrollo\/wp-content\/uploads\/2020\/08\/btnotros.jpg\" alt=\"\" \/><\/a>\n<p>\u00a0<\/p>\n<\/div>\n<div style=\"float: left; align: center;\"><a href=\"https:\/\/estudiosdeldesarrollo.mx\/migracionydesarrollo\/becas\"><img decoding=\"async\" class=\"alignnone wp-image-111 size-medium\" src=\"https:\/\/estudiosdeldesarrollo.mx\/migracionydesarrollo\/wp-content\/uploads\/2020\/08\/btnbecas.jpg\" alt=\"\" \/><\/a>\n<p>\u00a0<\/p>\n<\/div>\n<div style=\"float: left; padding: 5px; align: center;\">\n<h5>2002-presente<\/h5>\n<p>Profesor investigador<br \/>Programa de Doctorado en Estudios del Desarrollo<br \/>Universidad Aut\u00f3noma de Zacatecas \u00abFrancisco Garc\u00eda Salinas\u00bb (UAZ)<br \/>Programa de competencia internacional inscrito en el PNPC del Conacyt<\/p>\n<h5>Junio 2002-agosto 2012 y 2016-2021<\/h5>\n<p>Director y fundador<br \/>Programa de Doctorado en Estudios del Desarrollo<br \/>Universidad Aut\u00f3noma de Zacatecas \u00abFrancisco Garc\u00eda Salinas\u00bb (UAZ)<\/p>\n<h5>Septiembre 2002-presente\u00a0<\/h5>\n<p>Presidente<br \/>Red Internacional de Migraci\u00f3n y Desarrollo<\/p>\n<h5>Septiembre 2002-presente<\/h5>\n<p>Director y fundador<br \/>Revista <em>Migraci\u00f3n y Desarrollo<\/em>, perteneciente al \u00edndice de Revistas Cient\u00edficas del Conacyt<\/p>\n<h5>Abril-junio 2007<\/h5>\n<p>Investigador principal invitado<br \/>Instituto Dan\u00e9s de Estudios Internacionales<\/p>\n<h5>Febrero-marzo 2003<\/h5>\n<p>Investigador visitante<br \/>Departamento de Econom\u00eda del Desarrollo y Pol\u00edtica Agr\u00edcola<br \/>University de Kassel, Alemania<\/p>\n<h5>Septiembre 1994-agosto 2000<\/h5>\n<p>Coordinador general<br \/>Unidad de Posgrado en Ciencia Pol\u00edtica<br \/>(UAZ)<\/p>\n<h5>Enero-febrero 2001<\/h5>\n<p>Investigador visitante<br \/>Departamento de Econom\u00eda del Desarrollo y Pol\u00edtica Agr\u00edcola<br \/>University de Kassel, Alemania<\/p>\n<h5>Diciembre 1997-noviembre 2000<\/h5>\n<p>Consejero Universitario, UAZ<\/p>\n<h5>Noviembre 1996-presente<\/h5>\n<p>Coordinador por el Estado de Zacatecas de la Red Nacional de Estudios Urbanos<\/p>\n<h5>1988-presente<\/h5>\n<p>Coordinador por el Estado de Zacatecas del Seminario permanente \u00abM\u00e9xico y las entidades federativas\u00bb<br \/>Centro de Investigaciones Interdisciplinarias en Ciencias y Humanidades (CIICH)<br \/>Universidad Nacional Aut\u00f3noma de M\u00e9xico (UNAM)<\/p>\n<h5>Abril 1987-septiembre 1994<\/h5>\n<p>Coordinador de Investigaci\u00f3n<br \/>Maestr\u00eda en Ciencia Pol\u00edtica<br \/>Universidad Aut\u00f3noma de Zacatecas \u00abFrancisco Garc\u00eda Salinas\u00bb (UAZ)<\/p>\n<h5>Septiembre 1986-junio 2002<\/h5>\n<p>Profesor investigador de tiempo completo<br \/>Maestr\u00eda en Ciencia Pol\u00edtica<br \/>Universidad Aut\u00f3noma de Zacatecas \u00abFrancisco Garc\u00eda Salinas\u00bb (UAZ)<\/p>\n<h5>Febrero 16-agosto 16, 1990 y 1992<\/h5>\n<p>Coordinador general<br \/>Maestr\u00eda en Ciencia Pol\u00edtica<br \/>Universidad Aut\u00f3noma de Zacatecas \u00abFrancisco Garc\u00eda Salinas\u00bb (UAZ)<\/p>\n<h5>Julio y agosto 1988<\/h5>\n<p>Investigador visitante<br \/>Investigaciones Interdisciplinarias en Ciencias y Humanidades (CIICH)<br \/>Universidad Nacional Aut\u00f3noma de M\u00e9xico (UNAM)<\/p>\n<h5>Junio 1985-septiembre 1986<\/h5>\n<p>Investigador de tiempo completo<br \/>Departamento de Investigaciones Pol\u00edticas<br \/>Facultad de Derecho<br \/>Universidad Aut\u00f3noma de Zacatecas \u00abFrancisco Garc\u00eda Salinas\u00bb (UAZ)<\/p>\n<h5>Octubre, 1982-mayo 1985<\/h5>\n<p>Profesor de tiempo completo<br \/>Facultad de Ciencias Sociales<br \/>Universidad Aut\u00f3noma de Zacatecas \u00abFrancisco Garc\u00eda Salinas\u00bb (UAZ)<\/p>\n<h5>Julio 1977-junio 1982<\/h5>\n<p>Investigador y jefe de proyecto<br \/>Fundaci\u00f3n Javier Barros Sierra<\/p>\n<h5>Mayo 1976-junio 1977<\/h5>\n<p>Investigador asociado<br \/>Javier Fundaci\u00f3n Barros Sierra<\/p>\n<h5>Septiembre 1977-diciembre 1979<\/h5>\n<p>Asesor de la Direcci\u00f3n de Informaci\u00f3n y Sistemas Forestales y de la Fauna<br \/>Secretar\u00eda de Agricultura y Recursos Forestales<\/p>\n<h5>1973<\/h5>\n<p>Profesor de Probabilidad y estad\u00edstica Divisi\u00f3n de Estudios Superiores, Facultad de Ingenier\u00eda, UNAM<\/p>\n<h5>1970-1972<\/h5>\n<p>Asistente de investigaci\u00f3n<\/p>\n<\/div>\n\n\n<p><\/p>\n","protected":false},"excerpt":{"rendered":"<p>\u00a0 \u00a0 \u00a0 \u00a0 \u00a0 \u00a0 \u00a0 \u00a0 \u00a0 \u00a0 \u00a0 \u00a0 \u00a0 \u00a0 2002-presente Profesor investigadorPrograma de Doctorado en Estudios del DesarrolloUniversidad Aut\u00f3noma de Zacatecas \u00abFrancisco Garc\u00eda Salinas\u00bb (UAZ)Programa de competencia internacional inscrito en el PNPC del Conacyt Junio<\/p>\n","protected":false},"author":2,"featured_media":0,"parent":0,"menu_order":0,"comment_status":"closed","ping_status":"closed","template":"","meta":{"footnotes":""},"class_list":["post-1220","page","type-page","status-publish","hentry"],"_links":{"self":[{"href":"https:\/\/estudiosdeldesarrollo.mx\/migracionydesarrollo\/wp-json\/wp\/v2\/pages\/1220","targetHints":{"allow":["GET"]}}],"collection":[{"href":"https:\/\/estudiosdeldesarrollo.mx\/migracionydesarrollo\/wp-json\/wp\/v2\/pages"}],"about":[{"href":"https:\/\/estudiosdeldesarrollo.mx\/migracionydesarrollo\/wp-json\/wp\/v2\/types\/page"}],"author":[{"embeddable":true,"href":"https:\/\/estudiosdeldesarrollo.mx\/migracionydesarrollo\/wp-json\/wp\/v2\/users\/2"}],"replies":[{"embeddable":true,"href":"https:\/\/estudiosdeldesarrollo.mx\/migracionydesarrollo\/wp-json\/wp\/v2\/comments?post=1220"}],"version-history":[{"count":11,"href":"https:\/\/estudiosdeldesarrollo.mx\/migracionydesarrollo\/wp-json\/wp\/v2\/pages\/1220\/revisions"}],"predecessor-version":[{"id":1446,"href":"https:\/\/estudiosdeldesarrollo.mx\/migracionydesarrollo\/wp-json\/wp\/v2\/pages\/1220\/revisions\/1446"}],"wp:attachment":[{"href":"https:\/\/estudiosdeldesarrollo.mx\/migracionydesarrollo\/wp-json\/wp\/v2\/media?parent=1220"}],"curies":[{"name":"wp","href":"https:\/\/api.w.org\/{rel}","templated":true}]}}