{"id":45,"date":"2018-11-07T17:37:58","date_gmt":"2018-11-07T17:37:58","guid":{"rendered":"https:\/\/estudiosdeldesarrollo.mx\/estudioscriticosdeldesarrollo\/?page_id=45"},"modified":"2022-09-27T17:08:08","modified_gmt":"2022-09-27T17:08:08","slug":"tematica-y-alcance","status":"publish","type":"page","link":"https:\/\/estudiosdeldesarrollo.mx\/estudioscriticosdeldesarrollo\/tematica-y-alcance\/","title":{"rendered":"Tem\u00e1tica y alcance"},"content":{"rendered":"<p><em>Estudios Cr\u00edticos del Desarrollo<\/em> contribuye a la investigaci\u00f3n, reflexi\u00f3n, an\u00e1lisis y debate sobre la problem\u00e1tica del desarrollo y sus posibles alternativas, a partir de la minuciosa selecci\u00f3n de manuscritos que son evaluados por pares acad\u00e9micos mediante el sistema doble ciego y que se organizan en tres secciones: <em>Art\u00edculos<\/em>, contiene cinco textos arbitrados sobre diversos temas del desarrollo; <em>Debate<\/em>, secci\u00f3n que pretende alentar la reflexi\u00f3n y el an\u00e1lisis sobre temas clave; y <em>Rese\u00f1a<\/em>, que da cuenta de la publicaci\u00f3n de textos relevantes en Ciencias Sociales. Se concibe como un espacio abierto a la comunidad cient\u00edfica y acad\u00e9mica interesada en estudiar, desde una visi\u00f3n cr\u00edtica, la teor\u00eda y la pr\u00e1ctica del desarrollo.\u00a0<\/p>\n\n\n<p><\/p>\n","protected":false},"excerpt":{"rendered":"<p>Estudios Cr\u00edticos del Desarrollo contribuye a la investigaci\u00f3n, reflexi\u00f3n, an\u00e1lisis y debate sobre la problem\u00e1tica del desarrollo y sus posibles alternativas, a partir de la minuciosa selecci\u00f3n de manuscritos que son evaluados por pares acad\u00e9micos mediante el sistema doble ciego<\/p>\n","protected":false},"author":2,"featured_media":0,"parent":0,"menu_order":0,"comment_status":"closed","ping_status":"closed","template":"","meta":{"footnotes":""},"class_list":["post-45","page","type-page","status-publish","hentry"],"_links":{"self":[{"href":"https:\/\/estudiosdeldesarrollo.mx\/estudioscriticosdeldesarrollo\/wp-json\/wp\/v2\/pages\/45","targetHints":{"allow":["GET"]}}],"collection":[{"href":"https:\/\/estudiosdeldesarrollo.mx\/estudioscriticosdeldesarrollo\/wp-json\/wp\/v2\/pages"}],"about":[{"href":"https:\/\/estudiosdeldesarrollo.mx\/estudioscriticosdeldesarrollo\/wp-json\/wp\/v2\/types\/page"}],"author":[{"embeddable":true,"href":"https:\/\/estudiosdeldesarrollo.mx\/estudioscriticosdeldesarrollo\/wp-json\/wp\/v2\/users\/2"}],"replies":[{"embeddable":true,"href":"https:\/\/estudiosdeldesarrollo.mx\/estudioscriticosdeldesarrollo\/wp-json\/wp\/v2\/comments?post=45"}],"version-history":[{"count":5,"href":"https:\/\/estudiosdeldesarrollo.mx\/estudioscriticosdeldesarrollo\/wp-json\/wp\/v2\/pages\/45\/revisions"}],"predecessor-version":[{"id":1447,"href":"https:\/\/estudiosdeldesarrollo.mx\/estudioscriticosdeldesarrollo\/wp-json\/wp\/v2\/pages\/45\/revisions\/1447"}],"wp:attachment":[{"href":"https:\/\/estudiosdeldesarrollo.mx\/estudioscriticosdeldesarrollo\/wp-json\/wp\/v2\/media?parent=45"}],"curies":[{"name":"wp","href":"https:\/\/api.w.org\/{rel}","templated":true}]}}

Temática y alcance

<p><em>Estudios Críticos del Desarrollo</em> contribuye a la investigación, reflexión, análisis y debate sobre la problemática del desarrollo y sus posibles alternativas, a partir de la minuciosa selección de manuscritos que son evaluados por pares académicos mediante el sistema doble ciego y que se organizan en tres secciones: <em>Artículos</em>, contiene cinco textos arbitrados sobre diversos temas del desarrollo; <em>Debate</em>, sección que pretende alentar la reflexión y el análisis sobre temas clave; y <em>Reseña</em>, que da cuenta de la publicación de textos relevantes en Ciencias Sociales. Se concibe como un espacio abierto a la comunidad científica y académica interesada en estudiar, desde una visión crítica, la teoría y la práctica del desarrollo. </p>


<p></p>

<p>Estudios Críticos del Desarrollo contribuye a la investigación, reflexión, análisis y debate sobre la problemática del desarrollo y sus posibles alternativas, a partir de la minuciosa selección de manuscritos que son evaluados por pares académicos mediante el sistema doble ciego</p>
