{"id":29,"date":"2018-11-07T17:35:42","date_gmt":"2018-11-07T17:35:42","guid":{"rendered":"https:\/\/estudiosdeldesarrollo.mx\/estudioscriticosdeldesarrollo\/?page_id=29"},"modified":"2022-03-25T19:13:26","modified_gmt":"2022-03-25T19:13:26","slug":"objetivo","status":"publish","type":"page","link":"https:\/\/estudiosdeldesarrollo.mx\/estudioscriticosdeldesarrollo\/objetivo\/","title":{"rendered":"Objetivo"},"content":{"rendered":"<p>Promover el an\u00e1lisis cr\u00edtico del desarrollo del capitalismo contempor\u00e1neo y de las alternativas de transformaci\u00f3n social desde la perspectiva de los pa\u00edses perif\u00e9ricos, subdesarrollados o dependientes y de los sujetos sociales que encarnan proyectos de emancipaci\u00f3n. Asimismo, contribuir a recuperar y poner al d\u00eda el pensamiento, la investigaci\u00f3n y la pr\u00e1ctica social con orientaci\u00f3n cr\u00edtica sobre distintas dimensiones de la realidad social, econ\u00f3mica, pol\u00edtica, ambiental y cultural. Lo anterior sustentado en diversos aspectos: enfoques multidisciplinarios y transdisciplinarios, concurso de investigadores reconocidos y en proceso de formaci\u00f3n, y participaci\u00f3n de colaboradores adscritos a universidades y centros de investigaci\u00f3n de distintas partes del mundo.<\/p>\n\n\n<p><\/p>\n","protected":false},"excerpt":{"rendered":"<p>Promover el an\u00e1lisis cr\u00edtico del desarrollo del capitalismo contempor\u00e1neo y de las alternativas de transformaci\u00f3n social desde la perspectiva de los pa\u00edses perif\u00e9ricos, subdesarrollados o dependientes y de los sujetos sociales que encarnan proyectos de emancipaci\u00f3n. Asimismo, contribuir a recuperar<\/p>\n","protected":false},"author":2,"featured_media":0,"parent":0,"menu_order":0,"comment_status":"closed","ping_status":"closed","template":"","meta":{"footnotes":""},"class_list":["post-29","page","type-page","status-publish","hentry"],"_links":{"self":[{"href":"https:\/\/estudiosdeldesarrollo.mx\/estudioscriticosdeldesarrollo\/wp-json\/wp\/v2\/pages\/29","targetHints":{"allow":["GET"]}}],"collection":[{"href":"https:\/\/estudiosdeldesarrollo.mx\/estudioscriticosdeldesarrollo\/wp-json\/wp\/v2\/pages"}],"about":[{"href":"https:\/\/estudiosdeldesarrollo.mx\/estudioscriticosdeldesarrollo\/wp-json\/wp\/v2\/types\/page"}],"author":[{"embeddable":true,"href":"https:\/\/estudiosdeldesarrollo.mx\/estudioscriticosdeldesarrollo\/wp-json\/wp\/v2\/users\/2"}],"replies":[{"embeddable":true,"href":"https:\/\/estudiosdeldesarrollo.mx\/estudioscriticosdeldesarrollo\/wp-json\/wp\/v2\/comments?post=29"}],"version-history":[{"count":5,"href":"https:\/\/estudiosdeldesarrollo.mx\/estudioscriticosdeldesarrollo\/wp-json\/wp\/v2\/pages\/29\/revisions"}],"predecessor-version":[{"id":1374,"href":"https:\/\/estudiosdeldesarrollo.mx\/estudioscriticosdeldesarrollo\/wp-json\/wp\/v2\/pages\/29\/revisions\/1374"}],"wp:attachment":[{"href":"https:\/\/estudiosdeldesarrollo.mx\/estudioscriticosdeldesarrollo\/wp-json\/wp\/v2\/media?parent=29"}],"curies":[{"name":"wp","href":"https:\/\/api.w.org\/{rel}","templated":true}]}}

<p>Promover el análisis crítico del desarrollo del capitalismo contemporáneo y de las alternativas de transformación social desde la perspectiva de los países periféricos, subdesarrollados o dependientes y de los sujetos sociales que encarnan proyectos de emancipación. Asimismo, contribuir a recuperar y poner al día el pensamiento, la investigación y la práctica social con orientación crítica sobre distintas dimensiones de la realidad social, económica, política, ambiental y cultural. Lo anterior sustentado en diversos aspectos: enfoques multidisciplinarios y transdisciplinarios, concurso de investigadores reconocidos y en proceso de formación, y participación de colaboradores adscritos a universidades y centros de investigación de distintas partes del mundo.</p>


<p></p>

<p>Promover el análisis crítico del desarrollo del capitalismo contemporáneo y de las alternativas de transformación social desde la perspectiva de los países periféricos, subdesarrollados o dependientes y de los sujetos sociales que encarnan proyectos de emancipación. Asimismo, contribuir a recuperar</p>
